MONTHLY CLIMATOLOGICAL SUMMARY for gen 2020 / DATI METEOROLOGICI MESE gen 2020 NAME: Calalzo di Cadore, IT ITALY ELEV: 800 meter LAT: 46-26.80 N TEMPERATURE (°C), RAIN (mm), WIND SPEED (km/h) LONG: 012-22.82 E T Max Day T Min Day tot.rain wind max Day 10,5 09 -6,8 21 2,1 31,3 04 317 0,7 0,5 552,1 0,0 --------------------------------------------------------------------------------------- AVG HEAT COOL WIND DOM MEAN DEG DEG DAY T MAX TIME T MIN TIME RAIN HIGH TIME DIR SPED TEMP DAYS DAYS --------------------------------------------------------------------------------------- 01 8,1 13:00 -1,7 00:00 0,0 6,5 11:30 319 0,6 1,2 17,1 0,0 02 6,8 12:55 -3,1 06:55 0,0 5,0 00:25 319 0,4 0,1 18,2 0,0 03 6,2 13:25 -3,0 05:10 0,0 6,8 19:50 313 0,3 0,4 17,9 0,0 04 8,2 21:05 -2,2 06:25 0,0 31,3 20:40 4 1,6 2,3 16,0 0,0 05 10,0 12:55 -2,4 23:35 0,0 30,6 02:20 25 2,9 3,7 14,7 0,0 06 4,3 13:10 -4,4 08:35 0,0 6,5 13:55 317 0,3 -1,6 19,9 0,0 07 6,5 13:25 -4,7 06:15 0,0 6,1 06:25 322 0,5 -0,5 18,9 0,0 08 6,5 13:40 -3,4 09:15 0,0 7,2 11:55 320 0,4 0,9 17,4 0,0 09 10,5 13:00 -1,5 00:00 0,0 8,3 15:00 297 0,3 3,4 14,9 0,0 10 5,7 13:00 -3,7 08:05 0,0 10,1 14:40 297 0,3 -0,4 18,8 0,0 11 7,3 12:55 -3,2 07:55 0,0 7,2 08:20 315 0,4 0,1 18,2 0,0 12 5,2 12:45 -5,1 07:40 0,0 6,1 20:25 309 0,5 -1,3 19,7 0,0 13 5,3 13:30 -4,6 07:35 0,0 14,8 14:25 238 0,6 -0,9 19,3 0,0 14 3,9 13:50 -6,1 07:30 0,0 13,3 14:00 248 0,5 -2,3 20,6 0,0 15 5,2 13:45 -6,1 08:05 0,0 16,2 14:30 239 0,5 -2,0 20,3 0,0 16 6,4 13:00 -4,9 05:00 0,0 6,1 11:45 321 0,4 -0,8 19,2 0,0 17 6,9 13:25 -4,1 06:40 0,0 12,2 15:25 283 0,4 -0,1 18,4 0,0 18 4,8 13:40 -2,2 04:40 0,0 7,2 07:45 236 0,2 0,7 17,7 0,0 19 6,5 12:55 -3,0 23:55 0,0 17,6 15:55 16 1,3 1,0 17,3 0,0 20 5,5 14:35 -5,6 06:45 0,0 8,6 14:10 354 0,7 -1,5 19,8 0,0 21 5,6 13:05 -6,8 08:00 0,0 6,8 11:15 321 0,5 -1,8 20,1 0,0 22 8,4 13:30 -3,5 07:30 0,0 6,5 19:10 314 0,6 0,4 18,0 0,0 23 8,8 13:30 -3,2 08:45 0,0 14,8 14:55 312 0,5 0,7 17,7 0,0 24 7,9 14:00 -4,2 07:40 0,0 16,9 15:45 239 0,6 0,3 18,1 0,0 25 6,6 15:05 -1,6 00:35 0,0 7,6 01:45 302 0,3 1,2 17,1 0,0 26 5,0 15:40 -0,2 01:15 1,0 4,0 07:00 251 0,1 1,8 16,5 0,0 27 8,0 13:55 -1,4 08:25 0,0 18,4 18:10 223 0,9 2,8 15,6 0,0 28 5,8 15:45 -0,2 23:40 1,0 11,9 22:45 272 0,6 2,8 15,6 0,0 29 9,1 13:55 -1,2 08:55 0,0 17,6 16:10 301 1,1 1,9 16,4 0,0 30 8,5 13:25 -2,1 07:33 0,0 21,6 12:10 235 1,6 1,9 16,4 0,0 31 9,6 14:45 -2,6 07:35 0,0 18,7 15:35 235 1,0 1,9 16,5 0,0 --------------------------------------------------------------------------------------- T Max Day T Min Day tot.rain wind max Day 10,5 09 -6,8 21 2,1 31,3 04 317 0,7 0,5 552,1 0,0 Updated: 29/12/2023 09:00:00