MONTHLY CLIMATOLOGICAL SUMMARY for set 2020 / DATI METEOROLOGICI MESE set 2020 NAME: Calalzo di Cadore, IT ITALY ELEV: 800 meter LAT: 46-26.80 N TEMPERATURE (°C), RAIN (mm), WIND SPEED (km/h) LONG: 012-22.82 E T Max Day T Min Day tot.rain wind max Day 27,7 19 1,9 27 16,0 23,4 05 202 0,9 14,6 76,4 8,1 --------------------------------------------------------------------------------------- AVG HEAT COOL WIND DOM MEAN DEG DEG DAY T MAX TIME T MIN TIME RAIN HIGH TIME DIR SPED TEMP DAYS DAYS --------------------------------------------------------------------------------------- 01 20,4 14:50 9,9 06:35 0,5 13,3 13:45 184 0,5 13,3 5,0 0,0 02 19,3 15:00 11,3 06:55 2,6 21,6 11:25 192 0,9 13,7 4,6 0,0 03 21,3 15:25 10,1 07:05 0,0 19,1 16:15 207 1,3 14,7 3,6 0,0 04 23,1 15:20 8,9 07:35 0,0 22,0 16:50 220 1,3 15,6 2,8 0,0 05 24,9 15:15 11,2 07:05 0,0 23,4 19:30 207 1,1 17,7 0,6 0,0 06 22,1 14:00 15,1 06:05 1,0 21,6 15:10 198 0,9 17,9 0,5 0,0 07 16,2 18:10 12,8 00:00 3,1 5,0 12:20 103 0,1 14,9 3,5 0,0 08 22,6 15:20 10,5 07:50 0,0 15,8 14:00 194 1,7 15,2 3,1 0,0 09 10 11 12 25,5 17:30 23,2 18:10 0,0 N/A N/A N/A N/A 23,6 0,0 5,3 13 14 15 16 17 18 25,6 14:25 14,2 00:00 0,0 N/A N/A N/A N/A 21,1 0,0 2,8 19 27,7 10:05 11,1 06:15 0,0 N/A N/A N/A N/A 16,1 2,2 0,0 20 25,4 13:50 14,4 07:10 0,0 N/A N/A N/A N/A 18,4 0,0 0,0 21 23,4 16:05 12,2 07:00 0,0 N/A N/A N/A N/A 18,2 0,2 0,0 22 19,7 13:50 13,7 02:25 0,0 N/A N/A N/A N/A 16,9 1,4 0,0 23 20,1 13:25 15,3 06:30 0,0 N/A N/A N/A N/A 17,1 1,3 0,0 24 19,8 15:15 14,8 07:05 0,0 N/A N/A N/A N/A 16,7 1,6 0,0 25 26 16,8 13:05 5,0 07:35 0,0 N/A N/A N/A N/A 9,2 9,2 0,0 27 14,2 11:25 1,9 08:25 0,0 11,5 13:00 165 1,7 9,5 8,8 0,0 28 10,0 16:10 5,2 07:00 8,8 3,6 00:35 75 0,2 7,8 10,5 0,0 29 16,3 15:10 4,4 07:55 0,0 9,7 15:25 191 0,7 9,1 9,3 0,0 30 17,8 14:50 4,0 07:35 0,0 14,8 14:25 220 1,2 10,1 8,3 0,0 --------------------------------------------------------------------------------------- T Max Day T Min Day tot.rain wind max Day 27,7 19 1,9 27 16,0 23,4 05 202 0,9 14,6 76,4 8,1 Updated: 29/12/2023 09:00:00