MONTHLY CLIMATOLOGICAL SUMMARY for ott 2020 / DATI METEOROLOGICI MESE ott 2020 NAME: Calalzo di Cadore, IT ITALY ELEV: 800 meter LAT: 46-26.80 N TEMPERATURE (°C), RAIN (mm), WIND SPEED (km/h) LONG: 012-22.82 E T Max Day T Min Day tot.rain wind max Day 19,6 09 -1,4 14 104,6 26,6 03 210 0,8 8,5 303,9 0,0 --------------------------------------------------------------------------------------- AVG HEAT COOL WIND DOM MEAN DEG DEG DAY T MAX TIME T MIN TIME RAIN HIGH TIME DIR SPED TEMP DAYS DAYS --------------------------------------------------------------------------------------- 01 15,9 14:40 8,4 05:55 0,0 18,0 15:25 219 1,4 11,4 6,9 0,0 02 12,6 23:30 10,4 07:10 10,9 4,0 14:35 255 0,1 11,6 6,7 0,0 03 15,2 15:15 10,7 00:00 21,2 26,6 15:00 217 1,2 12,6 5,7 0,0 04 11,2 11:30 8,1 03:45 8,3 12,2 10:55 189 0,8 9,6 8,7 0,0 05 14,3 15:40 7,1 03:20 14,5 20,9 16:20 42 1,1 9,0 9,3 0,0 06 14,7 14:00 7,1 05:40 0,0 16,6 14:50 175 1,0 9,9 8,4 0,0 07 17,0 14:25 5,9 23:50 4,7 0,0 00:05 N/A 0,0 10,7 7,6 0,0 08 16,8 15:25 3,2 06:35 0,0 15,8 14:55 248 0,8 8,7 9,6 0,0 09 19,6 15:30 4,6 06:50 0,0 18,4 16:20 202 1,1 9,9 8,4 0,0 10 17,1 14:30 6,9 08:30 3,1 23,0 14:40 209 1,5 11,3 7,1 0,0 11 9,6 00:05 4,2 23:30 18,1 12,6 23:40 356 0,6 5,4 12,9 0,0 12 12,2 15:15 1,3 23:55 0,0 25,2 13:20 48 2,3 5,8 12,6 0,0 13 13,2 14:15 -1,3 07:35 0,0 9,0 13:35 162 0,5 4,3 14,0 0,0 14 12,8 14:25 -1,4 08:15 0,0 23,0 16:10 218 1,6 4,3 14,0 0,0 15 6,7 11:45 2,8 01:05 6,2 24,5 17:05 41 0,7 4,6 13,8 0,0 16 14,7 15:00 2,8 06:30 0,0 14,8 14:00 168 0,6 6,6 11,7 0,0 17 11,7 13:40 4,1 07:50 0,0 14,8 14:15 211 0,8 7,8 10,5 0,0 18 13,2 12:50 5,6 08:05 0,0 4,0 08:25 97 0,2 8,4 9,9 0,0 19 12,4 15:20 5,2 06:15 0,0 N/A N/A N/A N/A 7,9 10,4 0,0 20 13,6 14:10 4,1 07:00 0,0 N/A N/A N/A N/A 7,7 10,7 0,0 21 14,8 14:35 5,6 06:25 0,0 N/A N/A N/A N/A 8,8 9,5 0,0 22 14,9 14:35 7,0 07:20 0,0 N/A N/A N/A N/A 9,5 8,8 0,0 23 11,9 13:25 8,2 07:00 0,5 1,8 17:15 326 0,0 9,8 8,6 0,0 24 15,9 14:45 9,6 23:40 0,0 6,5 13:50 2 0,3 11,1 7,2 0,0 25 15,5 12:25 7,4 07:20 0,0 2,5 13:20 191 0,0 10,6 7,7 0,0 26 11,3 14:05 9,1 05:30 10,4 0,0 00:05 N/A 0,0 10,1 8,3 0,0 27 12,9 14:40 6,3 07:15 6,7 5,8 04:55 55 0,8 8,6 9,8 0,0 28 12,1 14:40 3,5 00:00 0,0 4,7 10:15 360 0,6 6,8 11,5 0,0 29 11,7 12:15 2,2 06:05 0,0 6,8 13:10 287 0,4 5,8 12,5 0,0 30 15,1 14:00 3,3 06:25 0,0 11,9 14:30 206 0,8 7,5 10,8 0,0 31 17,4 12:55 3,5 06:40 0,0 4,7 11:40 307 0,6 8,3 10,0 0,0 --------------------------------------------------------------------------------------- T Max Day T Min Day tot.rain wind max Day 19,6 09 -1,4 14 104,6 26,6 03 210 0,8 8,5 303,9 0,0 Updated: 29/12/2023 09:00:00