MONTHLY CLIMATOLOGICAL SUMMARY for dic 2020 / DATI METEOROLOGICI MESE dic 2020 NAME: Calalzo di Cadore, IT ITALY ELEV: 800 meter LAT: 46-26.80 N TEMPERATURE (°C), RAIN (mm), WIND SPEED (km/h) LONG: 012-22.82 E T Max Day T Min Day tot.rain wind max Day 8,4 30 -8,6 27 173,5 14,4 25 344 0,3 0,3 559,2 0,0 --------------------------------------------------------------------------------------- AVG HEAT COOL WIND DOM MEAN DEG DEG DAY T MAX TIME T MIN TIME RAIN HIGH TIME DIR SPED TEMP DAYS DAYS --------------------------------------------------------------------------------------- 01 3,0 14:30 -5,6 07:00 0,0 4,7 10:30 257 0,2 -1,7 20,0 0,0 02 1,3 10:45 -1,6 03:45 0,0 4,3 12:45 1 0,1 -0,5 18,8 0,0 03 3,9 11:05 -0,6 00:55 1,6 2,5 09:40 153 0,1 0,9 17,4 0,0 04 2,9 12:30 0,3 21:25 1,5 5,4 13:20 95 0,1 0,9 17,4 0,0 05 3,9 22:40 0,3 00:15 97,4 7,6 18:15 341 0,6 1,5 16,8 0,0 06 4,2 01:05 0,2 22:45 60,6 8,3 16:05 1 0,9 2,0 16,4 0,0 07 3,2 13:50 -0,2 23:30 9,8 11,5 13:30 226 0,3 0,9 17,4 0,0 08 1,6 11:20 -0,7 01:15 0,0 7,2 11:00 64 0,4 0,4 17,9 0,0 09 4,4 13:20 0,4 02:00 1,6 8,6 14:35 28 0,7 1,7 16,6 0,0 10 7,4 13:25 0,3 03:25 0,0 2,2 17:45 294 0,0 1,9 16,4 0,0 11 6,4 12:35 -0,7 21:20 0,0 5,4 10:00 177 0,1 1,4 17,0 0,0 12 6,3 12:40 -2,9 23:15 0,0 4,0 14:35 344 0,2 0,1 18,3 0,0 13 6,5 13:30 -4,2 07:20 0,0 5,8 06:50 320 0,5 -0,8 19,1 0,0 14 5,9 12:45 -4,1 07:50 0,0 4,7 10:20 315 0,5 -0,7 19,0 0,0 15 5,1 13:50 -3,3 05:20 0,0 6,1 09:25 306 0,2 0,3 18,0 0,0 16 5,8 12:45 -0,7 02:00 0,0 4,7 13:00 252 0,1 1,9 16,4 0,0 17 6,3 13:40 -1,6 23:50 0,0 5,4 12:55 345 0,4 1,6 16,7 0,0 18 7,4 12:30 -2,1 07:20 0,0 4,0 10:55 311 0,3 0,5 17,8 0,0 19 6,8 12:35 -2,7 07:25 0,0 4,0 15:05 313 0,3 0,0 18,3 0,0 20 7,2 12:40 -3,4 08:00 0,0 4,3 09:55 290 0,2 -0,3 18,6 0,0 21 6,4 13:10 -1,7 07:15 0,0 6,5 19:35 254 0,2 1,5 16,9 0,0 22 4,7 13:30 -0,7 23:50 0,0 4,7 06:05 288 0,1 1,6 16,8 0,0 23 2,9 12:30 -1,4 03:10 0,0 5,4 11:40 241 0,1 1,1 17,2 0,0 24 2,4 15:25 0,9 06:55 1,0 4,7 23:25 236 0,2 1,8 16,6 0,0 25 3,9 13:45 0,4 00:00 0,0 14,4 16:30 24 1,2 2,0 16,4 0,0 26 6,5 12:15 -5,0 00:00 0,0 7,6 13:10 329 1,0 -0,7 19,1 0,0 27 2,1 13:25 -8,6 06:55 0,0 7,2 10:55 326 0,4 -4,9 23,2 0,0 28 -2,5 00:00 -6,5 00:05 0,0 6,8 04:25 105 0,3 -4,2 22,5 0,0 29 1,3 12:20 -3,1 07:40 0,0 3,6 07:40 102 0,1 -1,4 19,7 0,0 30 8,4 12:30 -1,2 07:45 0,0 4,3 13:15 232 0,1 0,7 17,6 0,0 31 8,2 12:20 -3,4 23:50 0,0 3,6 15:55 319 0,2 -0,4 18,8 0,0 --------------------------------------------------------------------------------------- T Max Day T Min Day tot.rain wind max Day 8,4 30 -8,6 27 173,5 14,4 25 344 0,3 0,3 559,2 0,0 Updated: 29/12/2023 09:00:00