MONTHLY CLIMATOLOGICAL SUMMARY for gen 2021 / DATI METEOROLOGICI MESE gen 2021 NAME: Calalzo di Cadore, IT ITALY ELEV: 800 meter LAT: 46-26.80 N TEMPERATURE (°C), RAIN (mm), WIND SPEED (km/h) LONG: 012-22.82 E T Max Day T Min Day tot.rain wind max Day 10,5 30 -12,7 11 28,0 20,9 14 319 0,4 -2,9 659,9 0,0 --------------------------------------------------------------------------------------- AVG HEAT COOL WIND DOM MEAN DEG DEG DAY T MAX TIME T MIN TIME RAIN HIGH TIME DIR SPED TEMP DAYS DAYS --------------------------------------------------------------------------------------- 01 0,4 12:35 -5,6 08:00 0,0 3,6 06:15 317 0,0 -2,6 20,9 0,0 02 0,9 12:15 -1,5 04:35 0,0 2,5 19:35 257 0,0 -0,1 18,4 0,0 03 4,0 13:00 -0,1 23:40 3,1 15,5 02:45 259 0,2 0,9 17,4 0,0 04 3,9 14:00 -2,5 09:00 0,0 4,7 04:10 310 0,2 -0,3 18,7 0,0 05 4,2 11:55 -2,7 03:10 0,0 4,0 10:20 270 0,1 -0,6 18,9 0,0 06 6,4 12:25 -2,4 06:45 0,5 7,2 15:45 264 0,2 -0,1 18,5 0,0 07 4,3 13:15 -5,6 00:00 1,0 4,3 07:50 315 0,3 -2,2 20,5 0,0 08 3,6 12:15 -9,5 07:40 0,5 4,0 14:35 320 0,4 -5,8 24,2 0,0 09 -0,8 11:45 -12,0 08:00 0,0 5,0 13:00 317 0,3 -7,6 25,9 0,0 10 -1,3 14:00 -10,3 23:45 0,0 6,1 03:30 314 0,4 -6,9 25,3 0,0 11 1,8 12:50 -12,7 07:00 0,0 6,1 03:45 310 0,6 -8,0 26,3 0,0 12 -0,0 12:45 -12,7 06:35 0,0 5,8 00:00 310 0,3 -7,4 25,7 0,0 13 7,9 12:55 -8,7 05:15 0,0 7,6 01:15 318 1,1 -3,1 21,4 0,0 14 5,7 13:50 -3,8 22:50 0,0 20,9 12:50 31 2,0 -1,0 19,3 0,0 15 6,6 12:20 -8,1 23:55 0,0 10,8 13:50 273 0,5 -3,0 21,3 0,0 16 2,1 12:50 -10,9 07:15 0,0 9,7 14:10 269 0,6 -6,6 24,9 0,0 17 -2,6 14:20 -11,9 07:25 0,0 5,4 23:20 304 0,3 -7,9 26,2 0,0 18 4,4 13:25 -10,1 04:00 0,0 6,8 11:55 321 0,5 -5,4 23,8 0,0 19 4,0 12:20 -9,5 07:05 0,0 16,6 16:05 249 0,5 -4,8 23,1 0,0 20 5,3 12:20 -9,4 07:25 0,0 3,6 15:25 321 0,2 -3,6 22,0 0,0 21 2,0 14:00 -2,9 06:25 1,0 5,4 18:20 243 0,1 -0,2 18,6 0,0 22 6,8 12:50 0,2 04:25 17,6 4,3 01:40 249 0,1 1,4 16,9 0,0 23 1,8 14:00 0,1 20:10 0,0 4,0 07:55 68 0,0 0,6 17,8 0,0 24 5,8 12:25 -5,9 00:00 1,0 3,2 15:15 330 0,1 -0,3 18,6 0,0 25 0,5 13:00 -6,7 04:05 0,0 7,9 08:50 324 0,3 -3,9 22,2 0,0 26 6,3 12:35 -7,9 07:50 0,0 9,7 17:10 357 1,0 -3,6 21,9 0,0 27 1,8 13:25 -8,7 06:25 0,0 5,8 00:50 327 0,3 -4,7 23,1 0,0 28 2,5 12:30 -8,7 07:40 0,0 5,0 01:25 293 0,5 -4,6 23,0 0,0 29 4,7 11:00 -7,1 04:10 0,0 7,9 12:40 306 0,6 -2,3 20,7 0,0 30 10,5 13:15 -4,1 07:15 0,0 5,8 04:40 303 0,4 0,5 17,9 0,0 31 8,3 13:45 0,2 00:50 3,1 2,9 16:10 318 0,0 1,9 16,5 0,0 --------------------------------------------------------------------------------------- T Max Day T Min Day tot.rain wind max Day 10,5 30 -12,7 11 28,0 20,9 14 319 0,4 -2,9 659,9 0,0 Updated: 29/12/2023 09:00:00