MONTHLY CLIMATOLOGICAL SUMMARY for feb 2021 / DATI METEOROLOGICI MESE feb 2021 NAME: Calalzo di Cadore, IT ITALY ELEV: 800 meter LAT: 46-26.80 N TEMPERATURE (°C), RAIN (mm), WIND SPEED (km/h) LONG: 012-22.82 E T Max Day T Min Day tot.rain wind max Day 19,3 26 -12,4 15 22,8 26,3 18 287 1,1 1,9 460,2 0,0 --------------------------------------------------------------------------------------- AVG HEAT COOL WIND DOM MEAN DEG DEG DAY T MAX TIME T MIN TIME RAIN HIGH TIME DIR SPED TEMP DAYS DAYS --------------------------------------------------------------------------------------- 01 7,4 12:15 0,3 07:00 0,0 4,7 15:55 262 0,0 2,1 16,2 0,0 02 8,3 11:15 0,6 18:45 0,0 10,8 15:20 227 0,7 2,3 16,0 0,0 03 3,5 12:50 0,7 00:45 0,0 3,6 10:45 238 0,0 1,6 16,8 0,0 04 13,5 12:15 0,4 07:40 0,0 3,6 08:55 325 0,2 3,3 15,1 0,0 05 11,1 14:25 0,9 03:35 0,0 3,2 20:50 311 0,1 3,1 15,2 0,0 06 5,1 13:25 1,3 05:35 0,0 3,2 21:20 311 0,0 2,7 15,6 0,0 07 2,8 13:15 1,4 22:30 10,4 2,9 00:55 293 0,1 1,8 16,5 0,0 08 9,8 12:15 0,3 05:45 6,2 6,5 12:25 305 0,3 2,9 15,5 0,0 09 11,6 12:50 0,4 04:45 0,0 6,1 15:20 265 0,1 3,2 15,1 0,0 10 4,5 14:50 0,1 23:35 6,2 2,2 20:30 303 0,0 1,6 16,7 0,0 11 9,2 11:10 -4,2 00:00 0,0 11,2 11:50 5 1,5 1,9 16,4 0,0 12 5,3 12:15 -8,0 07:30 0,0 17,3 15:55 218 3,0 -3,5 21,9 0,0 13 2,0 13:05 -8,6 00:00 0,0 22,7 13:05 46 5,4 -4,5 22,8 0,0 14 6,2 13:45 -12,4 06:35 0,0 17,3 14:40 333 1,2 -5,4 23,7 0,0 15 4,7 12:55 -12,4 07:00 0,0 14,8 14:40 252 1,1 -4,9 23,2 0,0 16 6,5 13:45 -7,9 06:50 0,0 13,0 12:55 219 1,5 -1,5 19,9 0,0 17 10,4 14:20 -3,5 07:00 0,0 13,0 13:00 241 1,2 1,4 17,0 0,0 18 10,4 11:55 -3,6 06:25 0,0 26,3 15:45 227 2,1 1,6 16,7 0,0 19 9,4 12:15 -0,7 00:00 0,0 19,1 15:05 225 1,5 2,8 15,5 0,0 20 12,3 12:45 -2,5 07:20 0,0 16,6 14:50 237 1,4 2,7 15,6 0,0 21 8,6 14:30 -1,5 01:55 0,0 15,1 14:10 244 1,3 2,4 16,0 0,0 22 12,9 12:10 -0,2 23:55 0,0 14,8 14:15 249 1,0 4,3 14,1 0,0 23 16,2 12:35 -1,8 06:25 0,0 5,4 15:25 318 1,0 4,9 13,5 0,0 24 16,4 12:20 -0,8 07:10 0,0 5,8 15:35 324 1,0 5,2 13,1 0,0 25 18,4 12:25 -0,8 06:35 0,0 10,1 14:45 312 0,9 5,4 12,9 0,0 26 19,3 12:20 -1,1 05:45 0,0 7,9 14:45 309 0,8 5,6 12,7 0,0 27 18,2 13:15 -0,1 05:50 0,0 15,8 17:10 8 1,2 6,1 12,2 0,0 28 15,6 13:15 -2,5 05:35 0,0 10,1 14:05 288 1,0 3,9 14,4 0,0 --------------------------------------------------------------------------------------- T Max Day T Min Day tot.rain wind max Day 19,3 26 -12,4 15 22,8 26,3 18 287 1,1 1,9 460,2 0,0 Updated: 29/12/2023 09:00:00