MONTHLY CLIMATOLOGICAL SUMMARY for mar 2021 / DATI METEOROLOGICI MESE mar 2021 NAME: Calalzo di Cadore, IT ITALY ELEV: 800 meter LAT: 46-26.80 N TEMPERATURE (°C), RAIN (mm), WIND SPEED (km/h) LONG: 012-22.82 E T Max Day T Min Day tot.rain wind max Day 23,4 31 -6,7 21 3,1 29,5 13 216 2,5 4,5 429,8 0,0 --------------------------------------------------------------------------------------- AVG HEAT COOL WIND DOM MEAN DEG DEG DAY T MAX TIME T MIN TIME RAIN HIGH TIME DIR SPED TEMP DAYS DAYS --------------------------------------------------------------------------------------- 01 14,5 12:30 -3,2 07:00 0,0 15,5 15:00 241 1,4 3,8 14,5 0,0 02 13,7 14:30 -2,2 07:10 0,0 18,0 14:10 233 1,4 4,4 14,0 0,0 03 14,4 14:00 -1,9 06:25 0,0 18,7 14:10 227 1,7 4,9 13,4 0,0 04 12,2 11:15 -0,9 05:40 0,0 22,0 12:20 228 2,0 4,4 13,9 0,0 05 12,5 12:40 1,5 23:55 0,0 19,4 17:40 224 2,4 5,6 12,7 0,0 06 8,7 13:00 -1,9 07:10 0,0 20,2 15:25 218 2,9 2,5 15,8 0,0 07 9,2 14:10 -3,6 06:45 0,0 19,1 16:40 221 2,5 2,1 16,3 0,0 08 11,4 13:05 -3,3 06:35 0,0 20,2 15:00 212 2,2 3,0 15,3 0,0 09 10,8 13:00 -1,7 05:30 1,0 15,5 11:55 204 1,8 3,5 14,8 0,0 10 10,3 13:50 -1,1 07:05 0,0 19,1 13:55 216 2,4 3,3 15,0 0,0 11 8,0 12:00 -1,7 04:40 0,0 19,1 15:00 220 1,8 2,4 15,9 0,0 12 13,3 14:00 -1,6 07:05 0,0 17,6 15:25 191 1,4 4,8 13,5 0,0 13 12,5 12:40 -1,6 05:45 0,0 29,5 13:30 221 3,7 5,0 13,3 0,0 14 4,5 00:15 -2,4 23:40 2,1 20,5 09:10 8 1,4 1,8 16,5 0,0 15 11,1 13:50 -3,7 05:05 0,0 14,4 14:20 229 2,0 2,5 15,9 0,0 16 9,8 14:25 -1,9 06:00 0,0 20,9 10:40 27 2,7 3,2 15,2 0,0 17 9,7 12:40 -3,1 05:25 0,0 13,7 12:00 33 1,6 1,9 16,4 0,0 18 9,5 14:20 -4,4 06:25 0,0 13,7 13:35 65 1,7 1,1 17,2 0,0 19 7,2 11:50 -4,9 07:20 0,0 16,2 16:25 187 1,9 0,1 18,2 0,0 20 7,3 12:00 -5,4 07:05 0,0 23,0 12:45 55 3,9 0,2 18,1 0,0 21 8,2 13:45 -6,7 06:35 0,0 18,7 14:25 221 3,3 0,5 17,8 0,0 22 11,9 13:20 -1,4 04:55 0,0 23,4 12:25 60 3,6 4,4 13,9 0,0 23 13,2 13:15 -2,6 06:10 0,0 20,9 14:40 220 2,8 4,0 14,3 0,0 24 14,5 13:55 -2,4 05:55 0,0 23,4 16:05 218 3,1 5,1 13,3 0,0 25 16,9 14:10 -1,6 06:15 0,0 27,4 15:45 218 3,6 7,0 11,3 0,0 26 16,4 13:25 0,4 06:55 0,0 28,4 16:55 218 4,1 7,6 10,8 0,0 27 13,6 13:00 2,1 05:30 0,0 24,8 14:40 215 3,0 7,4 10,9 0,0 28 15,9 14:15 4,9 07:05 0,0 27,7 16:55 217 3,2 9,2 9,2 0,0 29 19,6 15:10 1,7 07:05 0,0 18,0 14:40 211 2,2 9,8 8,5 0,0 30 22,7 14:45 2,0 06:25 0,0 23,0 17:10 221 2,8 11,3 7,1 0,0 31 23,4 15:30 2,9 06:35 0,0 19,4 17:20 218 2,7 11,7 6,6 0,0 --------------------------------------------------------------------------------------- T Max Day T Min Day tot.rain wind max Day 23,4 31 -6,7 21 3,1 29,5 13 216 2,5 4,5 429,8 0,0 Updated: 29/12/2023 09:00:00