MONTHLY CLIMATOLOGICAL SUMMARY for mag 2021 / DATI METEOROLOGICI MESE mag 2021 NAME: Calalzo di Cadore, IT ITALY ELEV: 800 meter LAT: 46-26.80 N TEMPERATURE (°C), RAIN (mm), WIND SPEED (km/h) LONG: 012-22.82 E T Max Day T Min Day tot.rain wind max Day 23,8 10 1,8 08 101,5 33,8 05 212 2,6 11,4 214,7 0,0 --------------------------------------------------------------------------------------- AVG HEAT COOL WIND DOM MEAN DEG DEG DAY T MAX TIME T MIN TIME RAIN HIGH TIME DIR SPED TEMP DAYS DAYS --------------------------------------------------------------------------------------- 01 19,8 13:40 8,4 06:00 17,6 19,4 13:50 196 2,0 12,3 6,1 0,0 02 13,5 13:55 6,0 00:00 10,4 13,7 15:40 61 1,2 9,3 9,0 0,0 03 16,5 14:25 1,9 06:45 0,0 24,8 19:50 219 4,4 9,1 9,3 0,0 04 17,4 13:30 4,6 06:05 0,0 25,2 12:05 221 4,6 10,3 8,0 0,0 05 14,8 15:50 5,1 23:45 1,0 33,8 15:30 207 3,0 9,4 8,9 0,0 06 15,7 12:35 2,1 06:00 0,0 20,2 15:15 194 2,0 8,6 9,7 0,0 07 17,2 14:30 5,5 00:00 2,6 12,2 19:50 317 1,6 10,4 7,9 0,0 08 17,3 14:40 1,8 06:30 0,0 27,4 16:45 219 4,8 10,1 8,2 0,0 09 21,3 14:00 3,9 06:25 0,0 28,8 17:35 222 4,1 13,1 5,3 0,0 10 23,8 14:35 7,2 06:30 0,0 28,8 14:00 215 4,5 15,2 3,1 0,0 11 15,1 11:05 9,8 00:00 7,8 23,0 12:10 196 1,2 11,8 6,5 0,0 12 16,2 16:20 9,0 05:10 1,0 13,3 14:05 204 1,5 11,3 7,0 0,0 13 16,6 14:30 8,7 05:05 0,0 27,7 15:45 222 3,2 11,7 6,7 0,0 14 16,5 14:30 7,3 22:40 0,0 21,2 13:25 187 1,1 10,2 8,2 0,0 15 17,0 14:25 7,1 04:35 0,0 26,6 14:40 206 2,7 10,6 7,8 0,0 16 18,3 13:30 7,4 05:30 0,0 24,5 14:15 208 3,0 12,0 6,3 0,0 17 19,7 12:55 7,3 23:50 9,3 20,9 13:40 22 1,2 12,3 6,0 0,0 18 21,7 12:10 3,6 06:00 1,0 22,7 17:20 194 2,0 11,2 7,1 0,0 19 18,2 16:05 5,8 06:10 4,1 12,2 02:55 179 1,9 9,8 8,5 0,0 20 20,8 14:55 3,4 05:30 0,0 27,4 18:50 211 3,2 11,7 6,6 0,0 21 18,8 14:40 5,0 05:50 0,0 28,4 12:55 212 4,1 12,0 6,3 0,0 22 16,1 14:00 8,9 08:10 8,8 21,6 14:45 212 1,9 11,3 7,1 0,0 23 17,9 11:25 8,7 00:00 5,2 20,2 11:10 175 1,5 11,9 6,5 0,0 24 10,5 16:10 7,1 04:25 24,9 7,2 20:15 160 0,4 9,0 9,4 0,0 25 18,2 12:40 5,9 00:00 2,1 26,6 12:40 202 2,5 10,8 7,6 0,0 26 18,5 12:00 3,5 04:20 0,0 23,0 15:00 196 2,8 11,5 6,8 0,0 27 21,1 12:20 8,3 23:50 5,7 24,1 14:15 206 2,4 12,5 5,8 0,0 28 21,1 13:25 5,0 05:40 0,0 25,2 16:00 208 4,0 13,3 5,0 0,0 29 18,7 10:20 9,2 00:00 0,0 6,1 12:40 216 0,0 14,2 4,1 0,0 30 21,9 13:35 4,9 06:05 0,0 20,5 18:45 221 1,5 13,2 5,1 0,0 31 19,6 14:35 8,2 05:35 0,0 30,2 15:20 212 4,9 13,5 4,8 0,0 --------------------------------------------------------------------------------------- T Max Day T Min Day tot.rain wind max Day 23,8 10 1,8 08 101,5 33,8 05 212 2,6 11,4 214,7 0,0 Updated: 29/12/2023 09:00:00