MONTHLY CLIMATOLOGICAL SUMMARY for lug 2021 / DATI METEOROLOGICI MESE lug 2021 NAME: Calalzo di Cadore, IT ITALY ELEV: 800 meter LAT: 46-26.80 N TEMPERATURE (°C), RAIN (mm), WIND SPEED (km/h) LONG: 012-22.82 E T Max Day T Min Day tot.rain wind max Day 31,5 19 8,9 01 92,2 50,4 30 203 1,7 19,6 13,0 50,6 --------------------------------------------------------------------------------------- AVG HEAT COOL WIND DOM MEAN DEG DEG DAY T MAX TIME T MIN TIME RAIN HIGH TIME DIR SPED TEMP DAYS DAYS --------------------------------------------------------------------------------------- 01 24,8 16:30 8,9 05:30 0,0 11,2 19:05 228 1,0 15,8 2,5 0,0 02 26,3 14:35 12,9 05:55 0,0 17,3 16:45 199 2,4 18,9 0,0 0,6 03 26,8 13:25 12,4 05:05 0,0 24,8 16:55 208 3,2 19,3 0,0 1,0 04 24,4 12:10 14,6 00:00 7,3 8,6 18:30 228 0,1 18,0 0,3 0,0 05 26,4 13:00 11,4 05:55 0,0 17,3 15:50 215 1,5 18,7 0,0 0,3 06 28,9 15:05 12,4 06:10 0,0 26,3 17:25 222 1,9 21,0 0,0 2,6 07 30,9 14:30 15,5 06:10 5,2 21,2 17:15 220 2,6 23,1 0,0 4,7 08 29,0 14:50 14,9 05:25 30,0 13,3 21:20 299 0,5 18,7 0,0 0,4 09 28,3 14:50 13,8 02:55 0,0 15,5 15:45 207 1,4 19,3 0,0 1,0 10 28,6 14:10 13,8 05:55 0,0 19,8 17:00 201 2,3 21,0 0,0 2,7 11 27,3 15:40 14,9 05:30 0,0 14,4 13:45 78 1,6 20,2 0,0 1,8 12 28,2 15:30 14,1 05:55 0,0 26,6 16:25 209 3,4 21,4 0,0 3,1 13 25,9 12:00 15,2 00:00 4,1 12,6 14:45 336 0,6 19,5 0,0 1,1 14 18,3 09:45 12,0 00:00 18,7 9,7 11:15 146 0,9 14,4 3,9 0,0 15 22,1 15:55 11,3 06:00 0,0 10,1 16:55 182 0,7 14,9 3,4 0,0 16 23,6 13:15 12,8 02:25 0,0 14,4 13:55 66 0,9 16,7 1,7 0,0 17 23,1 14:40 12,3 05:55 0,0 0,0 00:05 N/A 0,0 17,3 1,0 0,0 18 29,3 16:10 14,6 04:55 0,0 16,2 17:10 43 1,2 20,7 0,0 2,4 19 31,5 15:10 15,4 05:55 0,0 25,2 18:30 180 2,0 22,8 0,0 4,5 20 27,8 14:05 14,4 06:05 0,0 27,7 14:45 203 2,4 21,3 0,0 2,9 21 28,4 14:50 16,2 05:50 0,0 22,0 15:05 204 3,1 22,2 0,0 3,9 22 27,8 13:10 13,8 23:55 6,2 18,7 13:10 207 1,2 19,5 0,0 1,2 23 28,1 16:10 13,7 05:35 0,0 19,1 15:10 203 2,7 20,2 0,0 1,8 24 28,8 14:50 17,0 06:15 0,0 25,6 17:25 206 2,8 22,2 0,0 3,8 25 27,9 13:25 15,0 23:55 2,1 17,6 17:35 211 1,5 20,4 0,0 2,1 26 27,8 15:25 13,8 05:30 4,7 14,0 15:30 150 1,0 18,4 0,0 0,1 27 24,8 12:20 14,6 03:45 3,6 11,9 12:35 180 0,7 18,1 0,2 0,0 28 27,8 14:25 15,5 06:20 2,6 19,8 14:45 189 1,6 19,4 0,0 1,1 29 28,5 15:50 15,3 06:45 0,0 20,5 16:20 198 2,1 20,9 0,0 2,6 30 28,9 14:15 15,3 06:15 0,0 50,4 19:20 208 3,2 21,7 0,0 3,3 31 28,2 15:25 14,1 04:55 7,8 22,0 15:35 204 1,8 19,9 0,0 1,6 --------------------------------------------------------------------------------------- T Max Day T Min Day tot.rain wind max Day 31,5 19 8,9 01 92,2 50,4 30 203 1,7 19,6 13,0 50,6 Updated: 29/12/2023 09:00:00