MONTHLY CLIMATOLOGICAL SUMMARY for ago 2021 / DATI METEOROLOGICI MESE ago 2021 NAME: Calalzo di Cadore, IT ITALY ELEV: 800 meter LAT: 46-26.80 N TEMPERATURE (°C), RAIN (mm), WIND SPEED (km/h) LONG: 012-22.82 E T Max Day T Min Day tot.rain wind max Day 31,6 14 6,6 29 78,2 32,8 10 210 1,5 17,9 41,1 27,5 --------------------------------------------------------------------------------------- AVG HEAT COOL WIND DOM MEAN DEG DEG DAY T MAX TIME T MIN TIME RAIN HIGH TIME DIR SPED TEMP DAYS DAYS --------------------------------------------------------------------------------------- 01 23,1 10:25 13,9 00:00 16,6 13,7 02:40 195 0,9 16,2 2,1 0,0 02 24,8 14:10 10,1 06:20 8,3 14,8 14:30 148 1,2 15,7 2,7 0,0 03 22,1 14:25 11,8 00:35 0,0 6,8 14:05 244 0,3 15,9 2,5 0,0 04 23,3 11:00 14,0 02:20 4,1 6,1 13:05 235 0,2 16,3 2,1 0,0 05 26,2 12:40 12,7 07:15 13,5 11,9 16:25 198 1,0 17,8 0,5 0,0 06 25,9 13:40 11,5 06:05 0,0 19,8 12:20 216 1,6 18,3 0,0 0,0 07 25,6 15:00 15,1 05:55 17,6 21,6 15:05 199 1,7 18,9 0,0 0,5 08 26,7 14:40 14,9 05:40 0,0 25,6 15:20 201 1,7 19,2 0,0 0,9 09 27,3 15:20 12,5 06:50 0,0 23,0 16:50 214 2,6 19,5 0,0 1,2 10 28,2 14:05 13,6 05:55 0,0 32,8 16:55 205 2,3 20,5 0,0 2,2 11 29,7 13:25 14,4 05:35 0,0 11,9 12:30 229 1,4 21,1 0,0 2,8 12 30,1 14:15 10,9 07:45 0,0 19,1 17:15 213 2,1 22,1 0,0 3,8 13 31,5 14:25 16,4 06:15 0,0 16,6 15:05 209 1,7 23,0 0,0 4,6 14 31,6 14:45 15,8 06:30 0,0 20,9 13:50 199 2,2 22,9 0,0 4,6 15 29,4 11:55 17,3 00:00 2,6 16,9 12:15 318 1,6 20,9 0,0 2,6 16 27,4 13:05 13,6 23:40 2,6 13,7 23:05 11 1,2 19,1 0,0 0,8 17 27,2 15:35 10,4 05:55 0,0 17,3 18:15 204 1,2 17,8 0,5 0,0 18 24,3 12:30 13,1 06:25 0,0 19,4 15:45 211 2,0 18,0 0,3 0,0 19 25,2 14:30 12,9 06:30 0,0 15,5 17:05 208 2,1 18,4 0,0 0,1 20 26,1 14:15 14,4 06:50 1,0 24,5 14:15 207 2,1 19,3 0,0 1,0 21 27,0 14:50 13,0 07:05 3,1 18,0 15:00 206 1,7 19,4 0,0 1,1 22 26,9 13:10 14,9 23:50 8,3 23,4 15:00 195 1,9 19,7 0,0 1,4 23 24,5 13:50 13,2 23:50 0,0 12,2 17:25 227 0,9 17,0 1,4 0,0 24 24,4 15:15 9,9 06:30 0,0 13,7 14:35 208 1,2 16,2 2,2 0,0 25 23,0 13:40 9,9 05:50 0,0 17,3 17:55 210 1,7 15,6 2,7 0,0 26 23,8 13:45 11,0 03:35 0,0 25,6 15:05 215 2,8 16,2 2,1 0,0 27 20,8 13:35 10,4 07:45 0,5 21,6 15:55 212 2,6 15,5 2,9 0,0 28 20,5 14:10 10,1 00:00 0,0 11,9 15:25 207 0,9 13,3 5,1 0,0 29 20,9 13:55 6,6 06:55 0,0 17,3 12:55 213 1,5 13,2 5,1 0,0 30 18,4 16:15 10,1 03:15 0,0 8,6 16:25 214 0,9 13,2 5,1 0,0 31 22,5 14:20 9,3 06:50 0,0 12,6 11:55 203 1,3 14,4 4,0 0,0 --------------------------------------------------------------------------------------- T Max Day T Min Day tot.rain wind max Day 31,6 14 6,6 29 78,2 32,8 10 210 1,5 17,9 41,1 27,5 Updated: 29/12/2023 09:00:00