MONTHLY CLIMATOLOGICAL SUMMARY for set 2021 / DATI METEOROLOGICI MESE set 2021 NAME: Calalzo di Cadore, IT ITALY ELEV: 800 meter LAT: 46-26.80 N TEMPERATURE (°C), RAIN (mm), WIND SPEED (km/h) LONG: 012-22.82 E T Max Day T Min Day tot.rain wind max Day 26,6 14 7,3 24 22,3 27,4 14 210 1,6 15,8 74,6 0,6 --------------------------------------------------------------------------------------- AVG HEAT COOL WIND DOM MEAN DEG DEG DAY T MAX TIME T MIN TIME RAIN HIGH TIME DIR SPED TEMP DAYS DAYS --------------------------------------------------------------------------------------- 01 25,0 13:20 7,9 07:30 0,0 17,3 16:20 218 2,0 15,4 2,9 0,0 02 23,3 15:40 10,4 04:35 0,0 19,4 13:45 205 2,0 16,5 1,8 0,0 03 23,5 14:45 12,6 05:45 0,0 22,0 14:10 207 2,3 17,4 0,9 0,0 04 24,7 14:40 11,4 07:45 0,5 19,1 13:20 216 2,2 17,5 0,9 0,0 05 24,1 15:25 10,9 07:10 0,0 20,9 14:15 206 2,1 16,5 1,8 0,0 06 24,2 15:05 12,1 04:45 0,0 15,8 15:55 203 1,7 16,5 1,9 0,0 07 24,0 15:50 11,3 06:45 0,0 15,1 14:30 208 2,0 17,4 0,9 0,0 08 24,4 15:15 11,6 06:50 0,0 14,0 17:00 196 1,5 17,1 1,2 0,0 09 24,3 14:45 9,6 07:25 0,0 17,6 15:45 213 1,8 16,3 2,1 0,0 10 24,8 14:10 9,1 07:25 0,0 22,7 16:00 207 2,5 16,0 2,3 0,0 11 25,3 15:10 9,4 07:05 1,0 19,8 18:35 198 2,0 16,2 2,1 0,0 12 22,7 11:25 11,5 07:35 0,0 4,7 11:05 139 0,2 14,3 4,1 0,0 13 17,8 20:40 14,8 00:00 0,0 2,9 21:30 315 0,1 16,1 2,3 0,0 14 26,6 14:40 11,4 07:15 0,0 27,4 17:45 210 2,4 18,3 0,1 0,0 15 24,9 14:40 11,9 07:15 0,0 13,0 15:10 207 1,2 18,0 0,4 0,0 16 19,4 11:05 15,7 07:00 4,2 6,1 16:45 202 0,2 17,1 1,2 0,0 17 24,3 12:50 14,4 05:30 0,0 16,9 13:50 223 1,4 17,6 0,7 0,0 18 23,2 14:00 14,5 08:05 1,5 19,1 15:05 208 3,3 18,9 0,0 0,6 19 17,2 14:30 11,5 22:35 5,7 9,4 20:10 261 0,2 14,3 4,1 0,0 20 21,4 14:40 9,5 05:35 1,0 19,1 15:05 204 1,6 14,1 4,3 0,0 21 19,3 14:50 11,8 07:55 3,1 20,2 16:30 214 2,4 14,2 4,1 0,0 22 16,9 11:20 9,5 23:00 0,0 14,4 13:50 202 0,5 12,6 5,8 0,0 23 19,7 14:35 9,5 00:55 0,0 21,2 17:15 214 2,1 13,0 5,3 0,0 24 20,7 14:25 7,3 06:05 0,0 16,9 14:40 214 1,9 12,8 5,6 0,0 25 20,3 13:45 10,3 00:05 0,0 15,8 15:05 213 1,7 14,1 4,2 0,0 26 21,8 13:05 11,1 07:30 0,0 11,9 13:45 214 1,1 15,6 2,7 0,0 27 23,4 13:20 13,9 00:00 0,0 15,8 14:30 214 1,2 16,8 1,5 0,0 28 24,1 14:10 11,7 07:55 0,0 22,3 16:20 212 1,8 16,9 1,4 0,0 29 21,9 15:00 11,4 07:20 5,2 23,4 18:35 39 0,6 14,7 3,7 0,0 30 20,7 13:55 9,6 07:25 0,0 16,2 16:10 208 1,6 14,0 4,4 0,0 --------------------------------------------------------------------------------------- T Max Day T Min Day tot.rain wind max Day 26,6 14 7,3 24 22,3 27,4 14 210 1,6 15,8 74,6 0,6 Updated: 29/12/2023 09:00:00