MONTHLY CLIMATOLOGICAL SUMMARY for nov 2021 / DATI METEOROLOGICI MESE nov 2021 NAME: Calalzo di Cadore, IT ITALY ELEV: 800 meter LAT: 46-26.80 N TEMPERATURE (°C), RAIN (mm), WIND SPEED (km/h) LONG: 012-22.82 E T Max Day T Min Day tot.rain wind max Day 16,0 11 -6,1 30 10,4 28,8 04 262 0,4 4,7 409,5 0,0 --------------------------------------------------------------------------------------- AVG HEAT COOL WIND DOM MEAN DEG DEG DAY T MAX TIME T MIN TIME RAIN HIGH TIME DIR SPED TEMP DAYS DAYS --------------------------------------------------------------------------------------- 01 8,2 12:45 3,2 00:00 3,1 6,1 22:30 235 0,1 6,7 11,6 0,0 02 13,2 12:45 1,8 06:50 0,0 5,0 11:20 331 0,3 6,0 12,3 0,0 03 7,8 13:55 4,8 04:00 1,0 6,5 16:50 71 0,3 5,8 12,5 0,0 04 13,4 11:50 4,1 00:00 0,0 28,8 06:20 209 2,3 7,6 10,8 0,0 05 13,0 13:25 0,2 23:55 0,0 6,5 15:50 324 0,4 4,9 13,4 0,0 06 12,0 14:15 -1,7 07:00 0,0 9,4 14:45 19 0,5 3,2 15,2 0,0 07 12,1 13:15 -1,1 06:25 0,0 5,0 12:55 275 0,3 3,8 14,5 0,0 08 9,7 13:55 1,1 23:55 0,0 5,8 11:25 346 0,4 4,7 13,6 0,0 09 12,5 13:20 -1,1 06:20 0,0 5,4 12:15 328 0,4 4,0 14,4 0,0 10 15,5 13:00 1,5 03:25 0,0 6,8 01:25 303 0,5 6,5 11,8 0,0 11 16,0 13:10 3,3 07:30 0,0 4,0 18:30 324 0,4 7,7 10,6 0,0 12 15,0 12:50 3,5 07:15 0,0 12,2 12:55 242 1,0 7,4 10,9 0,0 13 9,3 12:55 4,9 00:05 0,0 6,1 16:05 233 0,1 7,1 11,2 0,0 14 8,3 14:55 5,8 07:30 1,0 8,6 11:55 43 0,3 6,9 11,4 0,0 15 9,9 15:20 4,5 23:50 0,0 5,0 04:20 305 0,2 7,0 11,3 0,0 16 8,9 14:25 3,4 04:15 0,0 4,0 07:10 310 0,1 6,0 12,3 0,0 17 11,3 13:20 5,8 04:20 0,0 5,4 14:20 176 0,2 7,7 10,6 0,0 18 13,4 12:45 5,9 01:40 0,0 10,4 13:30 208 0,5 8,3 10,1 0,0 19 11,9 12:25 1,4 07:55 0,0 4,0 06:10 262 0,3 5,5 12,9 0,0 20 13,9 12:50 1,3 06:55 0,0 4,3 23:20 308 0,3 5,2 13,1 0,0 21 11,5 12:50 0,1 07:15 0,0 14,4 14:20 231 0,7 3,9 14,4 0,0 22 8,4 13:45 1,6 03:10 0,0 3,6 05:40 279 0,0 4,4 13,9 0,0 23 11,6 13:50 -0,7 23:25 0,0 8,3 06:20 13 0,7 4,8 13,5 0,0 24 8,4 12:50 -2,4 05:55 0,0 4,3 10:15 321 0,3 0,8 17,5 0,0 25 5,2 14:15 -3,6 07:50 0,0 3,6 04:15 229 0,1 0,7 17,7 0,0 26 4,0 16:05 1,4 07:15 0,0 2,9 11:35 217 0,0 2,9 15,4 0,0 27 5,7 14:10 1,9 23:55 1,0 11,2 10:50 197 0,5 3,6 14,7 0,0 28 5,0 11:55 -0,8 23:55 1,0 16,6 14:40 215 0,1 1,1 17,2 0,0 29 6,0 13:20 -5,4 23:55 3,1 4,7 17:30 335 0,2 -1,2 19,5 0,0 30 3,8 12:40 -6,1 09:05 0,0 6,8 05:55 337 0,5 -2,7 21,0 0,0 --------------------------------------------------------------------------------------- T Max Day T Min Day tot.rain wind max Day 16,0 11 -6,1 30 10,4 28,8 04 262 0,4 4,7 409,5 0,0 Updated: 29/12/2023 09:00:00