MONTHLY CLIMATOLOGICAL SUMMARY for gen 2022 / DATI METEOROLOGICI MESE gen 2022 NAME: Calalzo di Cadore, IT ITALY ELEV: 800 meter LAT: 46-26.80 N TEMPERATURE (°C), RAIN (mm), WIND SPEED (km/h) LONG: 012-22.82 E T Max Day T Min Day tot.rain wind max Day 15,2 30 -8,1 08 6,2 29,2 30 306 1,0 -0,2 575,6 0,0 --------------------------------------------------------------------------------------- AVG HEAT COOL WIND DOM MEAN DEG DEG DAY T MAX TIME T MIN TIME RAIN HIGH TIME DIR SPED TEMP DAYS DAYS --------------------------------------------------------------------------------------- 01 10,7 12:50 -0,6 05:45 0,0 6,1 02:30 303 0,7 3,1 15,2 0,0 02 9,7 12:20 -1,1 07:20 0,0 5,0 04:45 306 0,4 1,1 17,2 0,0 03 6,0 13:35 -1,9 07:05 0,0 6,1 14:55 221 0,4 0,9 17,5 0,0 04 3,1 14:05 -1,5 00:05 0,0 3,2 08:10 240 0,0 1,8 16,5 0,0 05 3,5 12:45 -0,3 00:00 6,2 15,5 20:35 25 1,1 1,5 16,9 0,0 06 5,7 12:30 -4,5 23:45 0,0 1,8 10:15 112 0,0 -0,2 18,5 0,0 07 1,8 13:20 -6,9 05:30 0,0 N/A N/A N/A N/A -3,0 21,4 0,0 08 2,8 12:30 -8,1 07:50 0,0 2,9 14:00 315 1,3 -2,9 21,2 0,0 09 2,2 13:40 -5,1 00:50 0,0 0,0 18:05 N/A 0,0 -2,2 20,6 0,0 10 5,3 14:25 -4,7 08:20 0,0 16,2 14:05 17 2,3 -0,5 18,8 0,0 11 7,1 12:50 -4,8 23:40 0,0 11,2 00:25 344 1,0 -1,2 19,5 0,0 12 3,9 12:30 -7,1 07:55 0,0 7,6 00:35 299 0,7 -3,6 21,9 0,0 13 6,6 13:10 -7,0 05:35 0,0 5,0 03:45 301 0,3 -2,8 21,2 0,0 14 9,0 12:25 -4,5 06:55 0,0 5,8 11:25 301 0,2 -0,4 18,7 0,0 15 11,0 12:35 -1,6 07:20 0,0 5,4 01:00 320 0,3 2,4 15,9 0,0 16 5,3 10:55 -2,7 07:45 0,0 2,9 10:20 292 0,2 0,1 18,3 0,0 17 7,8 12:05 -2,2 05:50 0,0 9,7 01:45 277 1,6 -0,2 18,5 0,0 18 8,9 12:45 -2,2 22:55 0,0 16,9 13:50 292 0,8 1,5 16,8 0,0 19 6,1 12:35 -5,2 07:20 0,0 11,2 15:10 269 0,5 -1,0 19,4 0,0 20 6,4 13:30 -5,6 06:25 0,0 4,7 20:05 321 0,5 -2,0 20,3 0,0 21 6,1 13:35 -4,9 05:25 0,0 9,0 11:45 304 1,2 -1,2 19,6 0,0 22 6,4 14:45 -7,3 07:50 0,0 9,0 12:40 331 1,1 -1,4 19,7 0,0 23 8,8 12:40 -4,1 07:40 0,0 5,4 14:10 319 0,6 -0,3 18,6 0,0 24 7,7 12:25 -4,8 08:10 0,0 19,1 14:10 247 0,8 -0,1 18,4 0,0 25 5,6 11:55 -2,8 23:35 0,0 10,8 12:50 214 0,9 0,4 17,9 0,0 26 8,5 12:25 -4,1 04:05 0,0 5,8 07:35 283 0,9 -0,0 18,3 0,0 27 3,6 15:00 -2,7 00:00 0,0 7,6 23:50 290 1,3 -0,4 18,8 0,0 28 8,8 10:20 -3,7 05:15 0,0 21,6 14:30 282 2,6 0,2 18,2 0,0 29 6,6 13:50 -4,2 05:25 0,0 18,4 14:35 238 1,2 -0,1 18,4 0,0 30 15,2 14:25 -4,8 06:15 0,0 29,2 14:15 257 2,5 1,9 16,4 0,0 31 8,4 14:05 -2,5 06:25 0,0 19,4 16:25 331 1,3 1,3 17,0 0,0 --------------------------------------------------------------------------------------- T Max Day T Min Day tot.rain wind max Day 15,2 30 -8,1 08 6,2 29,2 30 306 1,0 -0,2 575,6 0,0 Updated: 29/12/2023 09:00:00