MONTHLY CLIMATOLOGICAL SUMMARY for lug 2022 / DATI METEOROLOGICI MESE lug 2022 NAME: Calalzo di Cadore, IT ITALY ELEV: 800 meter LAT: 46-26.80 N TEMPERATURE (°C), RAIN (mm), WIND SPEED (km/h) LONG: 012-22.82 E T Max Day T Min Day tot.rain wind max Day 34,1 22 9,5 09 23,3 25,9 11 206 2,0 21,1 2,4 88,2 --------------------------------------------------------------------------------------- AVG HEAT COOL WIND DOM MEAN DEG DEG DAY T MAX TIME T MIN TIME RAIN HIGH TIME DIR SPED TEMP DAYS DAYS --------------------------------------------------------------------------------------- 01 27,9 13:00 15,9 22:50 0,0 23,0 19:30 182 1,6 21,3 0,0 3,0 02 29,6 15:00 12,9 05:45 0,0 14,8 16:55 200 2,4 21,5 0,0 3,2 03 31,2 14:50 15,9 06:05 0,0 16,6 19:20 212 1,7 23,1 0,0 4,7 04 28,5 11:35 17,0 20:30 0,0 11,2 01:25 336 1,3 20,5 0,0 2,1 05 28,8 15:40 14,1 06:05 0,0 14,0 13:20 195 1,3 21,0 0,0 2,7 06 28,7 13:15 13,9 05:15 0,0 14,0 15:30 218 1,0 20,8 0,0 2,4 07 24,3 11:10 13,6 23:40 0,0 16,6 14:05 183 1,3 18,0 0,4 0,0 08 27,3 12:25 10,2 05:55 0,0 19,1 14:35 66 2,2 18,9 0,0 0,6 09 25,9 13:30 9,5 05:55 0,0 20,9 16:55 214 2,5 18,1 0,2 0,0 10 24,8 16:45 13,9 05:25 0,0 11,9 16:25 214 1,0 18,8 0,0 0,5 11 24,8 13:35 11,6 05:05 0,0 25,9 15:05 212 3,2 18,4 0,0 0,1 12 26,5 14:15 15,1 00:55 0,0 22,0 17:05 216 3,2 20,0 0,0 1,7 13 28,2 14:35 12,4 06:10 0,0 24,5 18:20 215 3,2 20,8 0,0 2,5 14 29,1 16:15 15,9 05:35 0,0 25,9 16:45 221 2,1 21,5 0,0 3,1 15 29,2 14:25 14,9 05:40 0,0 19,4 15:30 213 1,6 21,2 0,0 2,8 16 29,6 15:10 16,3 06:45 0,0 19,4 12:40 202 2,5 21,8 0,0 3,5 17 29,5 13:55 16,1 05:30 0,0 23,0 15:55 215 3,0 22,4 0,0 4,1 18 29,7 14:40 16,3 05:45 0,0 16,2 14:05 205 2,9 23,1 0,0 4,8 19 31,7 14:35 15,9 06:05 0,0 18,7 14:50 212 3,0 23,8 0,0 5,5 20 32,0 15:40 16,3 06:05 0,0 20,9 16:00 207 3,2 24,5 0,0 6,2 21 33,8 14:20 17,0 05:40 0,0 20,9 15:50 211 2,7 25,4 0,0 7,0 22 34,1 14:55 17,8 05:50 0,0 20,2 14:10 202 2,7 25,9 0,0 7,6 23 32,3 15:20 17,2 08:15 4,7 12,2 15:40 220 1,2 21,6 0,0 3,3 24 31,1 14:10 14,9 05:25 0,0 19,4 15:45 197 2,2 22,6 0,0 4,2 25 33,1 15:20 17,0 06:25 0,0 20,9 16:15 202 3,0 25,2 0,0 6,9 26 30,0 12:25 15,4 00:00 7,8 15,8 00:10 133 1,2 19,9 0,0 1,6 27 26,9 15:45 15,0 02:50 3,6 6,8 22:10 99 0,5 17,9 0,5 0,0 28 28,3 13:45 15,0 06:05 0,0 11,9 13:05 130 1,0 19,2 0,0 0,9 29 28,2 15:00 15,6 06:35 7,3 14,0 17:30 191 1,5 20,5 0,0 2,2 30 27,7 13:35 14,9 05:35 0,0 6,8 12:20 235 1,1 19,5 0,0 1,2 31 26,2 13:00 11,4 06:00 0,0 6,1 10:05 35 0,7 16,9 1,4 0,0 --------------------------------------------------------------------------------------- T Max Day T Min Day tot.rain wind max Day 34,1 22 9,5 09 23,3 25,9 11 206 2,0 21,1 2,4 88,2 Updated: 29/12/2023 09:00:00