MONTHLY CLIMATOLOGICAL SUMMARY for ago 2022 / DATI METEOROLOGICI MESE ago 2022 NAME: Calalzo di Cadore, IT ITALY ELEV: 800 meter LAT: 46-26.80 N TEMPERATURE (°C), RAIN (mm), WIND SPEED (km/h) LONG: 012-22.82 E T Max Day T Min Day tot.rain wind max Day 32,1 05 9,1 13 44,5 27,4 17 202 1,5 19,2 10,0 37,9 --------------------------------------------------------------------------------------- AVG HEAT COOL WIND DOM MEAN DEG DEG DAY T MAX TIME T MIN TIME RAIN HIGH TIME DIR SPED TEMP DAYS DAYS --------------------------------------------------------------------------------------- 01 30,0 14:55 13,1 06:15 1,0 19,8 18:30 212 2,0 21,7 0,0 3,3 02 27,1 14:15 14,6 05:30 2,1 9,0 02:05 218 1,1 20,0 0,0 1,6 03 29,0 15:20 13,7 06:30 0,0 19,4 17:20 211 2,3 21,6 0,0 3,3 04 30,6 14:20 16,3 06:15 0,0 19,8 16:55 209 2,4 23,4 0,0 5,1 05 32,1 15:20 17,5 06:20 0,0 21,6 16:35 166 1,9 22,5 0,0 4,2 06 30,3 13:20 15,4 06:20 7,3 19,8 14:00 36 0,8 18,3 0,0 0,0 07 26,6 12:35 15,0 23:40 0,0 18,4 15:20 206 1,5 18,7 0,0 0,4 08 27,3 15:05 13,6 04:20 0,0 14,8 15:35 78 1,4 19,2 0,0 0,8 09 29,8 14:10 13,5 06:50 0,0 12,2 18:05 207 1,2 21,0 0,0 2,7 10 28,1 15:40 14,1 06:30 0,0 14,8 16:35 209 2,0 21,3 0,0 2,9 11 27,3 14:15 16,5 07:00 0,0 13,3 16:50 188 1,8 21,0 0,0 2,7 12 23,4 12:20 11,0 23:25 3,1 14,4 15:55 37 1,3 15,4 3,0 0,0 13 26,5 14:10 9,1 06:40 0,0 6,5 14:45 73 0,5 16,0 2,3 0,0 14 27,6 13:50 10,3 06:15 0,0 19,1 15:55 212 2,4 18,6 0,0 0,3 15 27,6 15:05 13,4 05:50 0,0 19,4 16:00 215 2,2 19,5 0,0 1,2 16 27,0 15:20 13,4 06:15 8,3 16,9 15:35 204 2,2 19,5 0,0 1,2 17 27,6 14:05 13,2 06:35 0,0 27,4 17:30 219 2,0 19,8 0,0 1,4 18 21,0 16:45 15,3 08:20 14,5 18,7 07:20 262 1,2 17,5 0,9 0,0 19 24,8 14:55 14,3 00:00 0,0 18,4 16:00 66 1,6 17,7 0,6 0,0 20 25,8 15:40 13,5 06:30 0,0 6,5 15:25 70 0,5 18,4 0,0 0,0 21 28,8 13:15 11,9 07:30 0,0 20,5 15:55 255 1,1 18,2 0,1 0,0 22 28,8 15:30 10,3 06:25 0,0 12,6 16:10 78 1,4 18,4 0,0 0,1 23 25,8 16:05 10,7 05:55 0,0 16,6 14:25 223 1,7 17,6 0,7 0,0 24 27,7 15:30 10,7 07:15 0,0 14,4 17:30 210 1,9 19,0 0,0 0,7 25 27,3 14:25 13,3 07:20 1,0 13,3 17:00 193 1,6 19,8 0,0 1,5 26 28,2 14:10 15,2 07:10 0,0 15,1 15:20 165 0,8 20,1 0,0 1,8 27 20,7 12:40 14,2 06:25 3,1 9,7 01:35 20 0,6 17,2 1,1 0,0 28 24,7 14:10 14,1 06:45 0,0 10,4 14:10 201 0,4 18,1 0,2 0,0 29 26,6 14:50 14,6 07:45 0,0 16,9 15:50 208 2,0 19,7 0,0 1,4 30 26,5 14:15 15,6 06:35 0,0 14,8 14:00 202 1,4 19,8 0,0 1,5 31 24,1 15:05 14,2 07:00 4,1 10,4 00:10 90 0,5 17,3 1,0 0,0 --------------------------------------------------------------------------------------- T Max Day T Min Day tot.rain wind max Day 32,1 05 9,1 13 44,5 27,4 17 202 1,5 19,2 10,0 37,9 Updated: 29/12/2023 09:00:00