MONTHLY CLIMATOLOGICAL SUMMARY for dic 2022 / DATI METEOROLOGICI MESE dic 2022 NAME: Calalzo di Cadore, IT ITALY ELEV: 800 meter LAT: 46-26.80 N TEMPERATURE (°C), RAIN (mm), WIND SPEED (km/h) LONG: 012-22.82 E T Max Day T Min Day tot.rain wind max Day 10,7 31 -9,4 13 23,8 9,0 01 323 0,2 0,5 558,0 0,0 --------------------------------------------------------------------------------------- AVG HEAT COOL WIND DOM MEAN DEG DEG DAY T MAX TIME T MIN TIME RAIN HIGH TIME DIR SPED TEMP DAYS DAYS --------------------------------------------------------------------------------------- 01 8,5 13:00 2,4 02:30 0,0 9,0 14:55 42 1,4 5,0 13,4 0,0 02 3,9 14:00 2,3 08:10 0,5 6,8 15:10 211 0,4 3,0 15,3 0,0 03 3,9 16:30 3,1 19:50 1,0 0,0 16:35 N/A 0,0 3,3 15,1 0,0 04 4,4 13:05 2,5 05:35 10,9 5,8 10:50 229 0,1 3,3 15,0 0,0 05 5,1 12:05 2,5 20:40 9,3 3,2 15:40 52 0,0 3,5 14,9 0,0 06 5,9 13:30 -1,7 00:00 0,0 4,0 11:30 356 0,2 1,4 16,9 0,0 07 4,4 13:30 -3,4 07:15 0,0 1,1 14:10 315 0,0 -1,5 19,9 0,0 08 3,4 12:30 -4,5 07:50 0,0 2,5 03:45 283 0,1 -2,7 21,0 0,0 09 0,6 22:15 -2,8 00:10 0,0 1,8 05:30 22 0,0 -1,0 19,4 0,0 10 4,8 13:45 0,5 03:40 1,0 5,0 23:40 274 0,2 2,2 16,1 0,0 11 2,9 00:55 -5,2 00:00 0,0 7,9 04:50 334 1,2 -0,6 19,0 0,0 12 -1,5 11:10 -8,9 23:50 0,0 4,0 23:05 342 0,2 -6,7 25,1 0,0 13 -0,5 12:55 -9,4 02:20 0,0 4,3 23:30 316 0,1 -5,7 24,0 0,0 14 0,4 12:15 -4,9 00:15 0,0 4,0 22:00 217 0,2 -3,3 21,6 0,0 15 1,2 11:10 -6,1 07:00 0,0 4,3 03:50 255 0,1 -3,8 22,1 0,0 16 1,9 14:25 -0,2 00:05 1,0 1,4 19:40 248 0,0 1,1 17,2 0,0 17 8,3 12:50 0,1 19:30 0,0 3,6 01:20 216 0,0 2,3 16,0 0,0 18 2,8 12:05 -5,0 23:20 0,0 4,0 06:45 301 0,1 -3,1 21,4 0,0 19 3,7 14:05 -4,6 11:40 0,0 4,0 00:05 274 0,1 -2,1 20,4 0,0 20 3,9 12:35 -4,0 02:15 0,0 2,5 23:35 298 0,0 -2,2 20,5 0,0 21 5,2 13:20 -4,7 08:45 0,0 4,7 13:25 277 0,1 -0,4 18,7 0,0 22 6,3 12:45 -1,4 07:30 0,0 7,2 07:55 299 0,6 0,6 17,7 0,0 23 7,8 12:40 -2,2 08:05 0,0 7,2 04:05 260 0,3 0,2 18,1 0,0 24 8,0 13:00 -1,9 07:45 0,0 2,5 20:40 294 0,1 1,8 16,5 0,0 25 9,9 12:35 -0,5 07:30 0,0 3,2 08:45 291 0,1 2,4 15,9 0,0 26 7,6 13:30 -0,2 23:55 0,0 2,9 11:05 280 0,0 2,3 16,0 0,0 27 7,2 12:15 -1,5 06:55 0,0 3,6 10:20 311 0,1 1,8 16,6 0,0 28 6,9 12:35 -1,7 05:10 0,0 3,2 09:10 261 0,1 1,1 17,2 0,0 29 6,7 13:25 -2,1 08:35 0,0 3,2 16:35 322 0,1 1,2 17,1 0,0 30 5,8 14:15 0,4 00:10 0,0 4,7 04:05 256 0,1 2,9 15,4 0,0 31 10,7 12:25 0,8 08:35 0,0 5,8 15:00 257 0,2 3,9 14,4 0,0 --------------------------------------------------------------------------------------- T Max Day T Min Day tot.rain wind max Day 10,7 31 -9,4 13 23,8 9,0 01 323 0,2 0,5 558,0 0,0 Updated: 29/12/2023 09:00:00