MONTHLY CLIMATOLOGICAL SUMMARY for gen 2023 / DATI METEOROLOGICI MESE gen 2023 NAME: Calalzo di Cadore, IT ITALY ELEV: 800 meter LAT: 46-26.80 N TEMPERATURE (°C), RAIN (mm), WIND SPEED (km/h) LONG: 012-22.82 E T Max Day T Min Day tot.rain wind max Day 10,6 01 -7,5 27 5,2 17,3 21 21 0,6 1,1 535,1 0,0 --------------------------------------------------------------------------------------- AVG HEAT COOL WIND DOM MEAN DEG DEG DAY T MAX TIME T MIN TIME RAIN HIGH TIME DIR SPED TEMP DAYS DAYS --------------------------------------------------------------------------------------- 01 10,6 12:55 2,5 08:35 0,0 4,0 01:10 278 0,1 4,4 13,9 0,0 02 7,7 14:05 2,5 08:40 0,0 4,0 22:45 233 0,1 4,3 14,1 0,0 03 7,6 12:45 3,2 01:20 0,0 2,9 15:00 301 0,1 4,7 13,6 0,0 04 8,7 12:55 0,1 09:05 0,0 4,0 15:20 289 0,1 3,4 15,0 0,0 05 6,1 13:35 0,2 08:50 0,0 5,4 22:30 315 0,4 2,0 16,3 0,0 06 8,6 13:10 -0,5 23:15 0,0 4,0 05:30 308 0,3 2,5 15,8 0,0 07 5,5 14:35 -2,0 08:15 0,0 11,2 12:50 216 0,5 0,9 17,4 0,0 08 3,6 14:00 0,6 22:55 3,1 4,0 08:10 224 0,1 1,8 16,6 0,0 09 3,5 13:05 0,4 02:10 0,0 10,1 17:35 360 0,5 1,5 16,8 0,0 10 9,0 13:35 -1,7 23:40 0,0 5,0 12:00 342 0,2 1,5 16,8 0,0 11 5,8 13:45 -3,4 07:25 0,0 6,1 23:30 319 0,2 0,4 17,9 0,0 12 4,1 15:10 -1,1 07:20 0,0 4,0 00:15 299 0,2 0,8 17,6 0,0 13 5,7 14:45 -1,1 23:50 0,0 3,2 23:05 306 0,1 0,8 17,5 0,0 14 6,7 14:25 -3,0 09:10 0,0 5,0 20:10 294 0,2 0,5 17,8 0,0 15 2,5 13:35 -1,6 01:25 0,0 4,7 09:10 215 0,1 0,5 17,8 0,0 16 3,3 13:00 0,4 00:15 1,0 6,1 13:30 205 0,3 1,4 17,0 0,0 17 1,5 12:20 -0,7 23:35 0,0 6,5 02:00 216 0,1 0,4 17,9 0,0 18 2,9 12:45 -1,8 00:00 0,0 6,5 13:50 205 0,3 0,1 18,3 0,0 19 1,4 12:30 -2,2 21:30 0,0 14,8 14:40 46 1,8 -0,8 19,1 0,0 20 2,8 13:40 -4,1 00:00 0,0 13,3 15:50 32 1,1 -0,9 19,2 0,0 21 5,0 12:35 -5,3 03:30 0,0 17,3 16:25 41 4,0 0,2 18,1 0,0 22 5,3 12:45 -0,1 05:10 0,0 13,3 02:40 39 2,1 1,8 16,5 0,0 23 2,0 10:40 -0,2 06:40 1,0 9,0 02:50 43 1,0 1,0 17,3 0,0 24 4,1 12:45 0,1 06:20 0,0 3,2 23:50 265 0,1 1,8 16,5 0,0 25 6,6 12:50 -1,7 23:15 0,0 4,3 09:00 326 0,3 1,6 16,7 0,0 26 6,0 13:35 -4,9 08:40 0,0 9,0 00:10 329 0,2 -1,3 19,7 0,0 27 3,3 13:35 -7,5 08:15 0,0 14,8 15:45 216 0,9 -3,0 21,3 0,0 28 3,0 14:10 -2,7 10:45 0,0 3,6 13:05 177 0,2 -0,1 18,5 0,0 29 5,4 14:40 -3,9 07:35 0,0 11,9 13:10 214 0,8 -0,5 18,8 0,0 30 6,4 14:45 -5,7 06:25 0,0 16,9 23:40 278 1,1 -0,5 18,8 0,0 31 8,6 13:10 -1,9 08:40 0,0 17,3 14:30 264 2,3 1,8 16,5 0,0 --------------------------------------------------------------------------------------- T Max Day T Min Day tot.rain wind max Day 10,6 01 -7,5 27 5,2 17,3 21 21 0,6 1,1 535,1 0,0 Updated: 29/12/2023 09:00:00