MONTHLY CLIMATOLOGICAL SUMMARY for mar 2023 / DATI METEOROLOGICI MESE mar 2023 NAME: Calalzo di Cadore, IT ITALY ELEV: 800 meter LAT: 46-26.80 N TEMPERATURE (°C), RAIN (mm), WIND SPEED (km/h) LONG: 012-22.82 E T Max Day T Min Day tot.rain wind max Day 18,7 22 -3,2 16 5,2 32,8 22 214 2,2 6,4 368,7 0,0 --------------------------------------------------------------------------------------- AVG HEAT COOL WIND DOM MEAN DEG DEG DAY T MAX TIME T MIN TIME RAIN HIGH TIME DIR SPED TEMP DAYS DAYS --------------------------------------------------------------------------------------- 01 7,9 13:55 -2,0 06:50 0,0 19,4 18:05 49 3,0 2,7 15,6 0,0 02 8,8 14:30 0,5 23:40 0,0 9,7 14:20 58 0,8 4,2 14,2 0,0 03 11,4 14:20 -1,3 06:20 0,0 15,8 17:00 51 0,9 3,7 14,6 0,0 04 13,2 14:50 -2,0 06:55 0,0 18,4 16:40 217 2,0 4,5 13,9 0,0 05 11,5 14:25 -2,4 06:30 0,0 26,6 15:55 218 3,1 4,2 14,1 0,0 06 8,4 14:30 1,5 06:20 0,0 21,2 14:40 218 2,2 4,5 13,8 0,0 07 7,5 16:00 2,3 05:55 0,0 19,8 11:45 204 1,6 4,7 13,7 0,0 08 11,2 14:00 1,1 05:20 0,0 28,4 13:45 220 2,9 6,0 12,3 0,0 09 15,3 14:05 4,4 06:15 0,0 22,0 15:35 221 1,3 8,1 10,3 0,0 10 14,8 14:20 4,1 00:00 0,0 25,6 17:40 215 2,6 8,5 9,9 0,0 11 17,3 13:45 2,1 04:05 0,0 18,0 14:35 235 2,4 9,1 9,2 0,0 12 14,1 14:40 2,2 00:00 0,0 23,0 13:50 210 2,6 7,4 10,9 0,0 13 13,1 14:00 -0,2 05:20 0,0 21,2 16:30 215 2,0 5,8 12,5 0,0 14 10,2 14:15 3,0 04:30 2,1 5,8 13:50 133 0,2 6,0 12,3 0,0 15 10,4 12:30 -1,5 00:00 0,0 23,8 11:55 54 3,2 4,6 13,7 0,0 16 11,0 13:45 -3,2 06:30 0,0 21,6 11:50 221 2,9 3,3 15,0 0,0 17 12,2 14:50 -1,5 05:15 0,0 22,0 15:15 217 2,6 4,8 13,5 0,0 18 13,9 13:50 -0,9 06:40 0,0 21,2 16:50 222 2,4 5,8 12,5 0,0 19 13,9 14:30 0,3 05:45 0,0 25,6 16:10 223 2,7 6,2 12,1 0,0 20 15,0 15:05 2,9 06:00 0,0 7,6 14:30 173 0,4 7,2 11,1 0,0 21 17,9 14:25 1,7 06:00 0,0 22,3 15:40 215 2,5 9,5 8,8 0,0 22 18,7 14:20 5,4 07:20 0,0 32,8 14:55 219 3,1 11,3 7,1 0,0 23 18,5 13:20 4,1 06:15 0,0 25,2 16:35 216 2,2 10,2 8,1 0,0 24 15,6 13:25 6,9 04:40 0,0 20,9 17:05 215 2,4 10,2 8,1 0,0 25 16,8 13:10 4,6 00:00 0,0 18,4 13:35 218 1,8 10,5 7,8 0,0 26 15,1 13:00 0,4 06:50 1,0 18,7 14:40 204 1,6 6,3 12,0 0,0 27 13,0 13:10 1,3 07:50 0,0 25,6 14:10 42 2,2 5,7 12,6 0,0 28 12,3 15:00 -1,0 05:40 0,0 14,8 15:05 285 2,5 4,4 14,0 0,0 29 13,8 15:25 -1,1 01:45 0,0 28,1 17:30 211 2,9 5,9 12,4 0,0 30 13,5 14:45 1,5 06:45 0,0 21,2 16:45 216 2,8 7,0 11,3 0,0 31 8,8 12:40 5,5 23:40 2,1 14,8 14:20 218 1,3 7,2 11,2 0,0 --------------------------------------------------------------------------------------- T Max Day T Min Day tot.rain wind max Day 18,7 22 -3,2 16 5,2 32,8 22 214 2,2 6,4 368,7 0,0 Updated: 29/12/2023 09:00:00