MONTHLY CLIMATOLOGICAL SUMMARY for apr 2023 / DATI METEOROLOGICI MESE apr 2023 NAME: Calalzo di Cadore, IT ITALY ELEV: 800 meter LAT: 46-26.80 N TEMPERATURE (°C), RAIN (mm), WIND SPEED (km/h) LONG: 012-22.82 E T Max Day T Min Day tot.rain wind max Day 19,8 29 -3,7 05 36,8 29,5 23 209 2,2 7,9 312,9 0,0 --------------------------------------------------------------------------------------- AVG HEAT COOL WIND DOM MEAN DEG DEG DAY T MAX TIME T MIN TIME RAIN HIGH TIME DIR SPED TEMP DAYS DAYS --------------------------------------------------------------------------------------- 01 17,4 15:15 3,5 07:20 0,0 14,4 18:50 172 1,3 8,6 9,7 0,0 02 14,2 16:55 1,8 06:35 0,0 16,9 15:45 227 1,4 7,5 10,8 0,0 03 15,1 13:10 1,0 08:10 0,0 28,1 14:20 52 6,0 7,8 10,6 0,0 04 12,3 14:30 -0,1 06:20 0,0 24,1 15:25 43 4,4 5,5 12,9 0,0 05 10,1 14:55 -3,7 07:10 0,0 24,5 15:15 215 4,1 3,3 15,1 0,0 06 13,6 14:10 -1,7 07:15 0,0 23,8 16:55 214 3,6 5,0 13,3 0,0 07 12,8 14:30 -1,4 05:20 0,0 23,0 16:00 213 3,1 5,8 12,5 0,0 08 11,2 13:15 2,8 07:45 0,0 17,6 17:30 212 2,0 6,6 11,7 0,0 09 15,2 13:15 1,9 06:55 0,0 27,0 15:25 206 2,6 7,0 11,3 0,0 10 15,4 15:35 -1,0 07:00 0,0 24,8 16:10 216 3,4 7,5 10,9 0,0 11 14,7 14:15 3,3 06:50 0,0 20,5 15:45 223 1,7 8,1 10,2 0,0 12 12,9 14:35 3,2 05:10 0,0 12,2 15:10 209 1,1 7,7 10,6 0,0 13 7,9 00:05 2,1 21:15 2,1 13,3 13:10 34 1,9 4,4 14,0 0,0 14 12,4 13:45 1,9 03:55 0,0 8,6 01:40 231 0,8 5,7 12,7 0,0 15 16 17 18 19 13,6 14:45 4,2 06:45 0,0 10,8 13:45 224 2,2 9,3 9,0 0,0 20 9,4 15:15 5,6 23:05 3,6 13,0 01:15 213 0,9 7,3 11,0 0,0 21 12,5 16:55 5,3 07:00 7,8 9,4 13:35 29 0,6 7,1 11,2 0,0 22 19,1 13:50 4,9 01:40 0,0 25,6 16:45 211 3,1 11,2 7,1 0,0 23 17,6 13:50 9,1 03:25 1,6 29,5 15:40 213 2,4 11,5 6,8 0,0 24 12,9 17:25 4,1 00:00 13,5 7,2 18:10 305 0,2 8,3 10,0 0,0 25 12,2 14:35 0,8 06:15 0,0 16,9 16:00 213 1,0 5,9 12,4 0,0 26 15,9 14:25 0,8 06:30 0,0 29,5 15:50 219 4,5 8,5 9,8 0,0 27 16,1 15:40 6,3 05:50 0,0 23,0 14:40 216 3,2 10,8 7,6 0,0 28 13,0 15:45 4,5 06:00 1,0 1,8 00:35 311 0,0 8,9 9,5 0,0 29 19,8 13:20 5,8 05:20 0,0 19,1 14:55 225 2,0 12,0 6,3 0,0 30 18,0 15:50 8,1 05:45 7,2 13,7 17:55 218 0,5 11,7 6,6 0,0 --------------------------------------------------------------------------------------- T Max Day T Min Day tot.rain wind max Day 19,8 29 -3,7 05 36,8 29,5 23 209 2,2 7,9 312,9 0,0 Updated: 29/12/2023 09:00:00