MONTHLY CLIMATOLOGICAL SUMMARY for mag 2023 / DATI METEOROLOGICI MESE mag 2023 NAME: Calalzo di Cadore, IT ITALY ELEV: 800 meter LAT: 46-26.80 N TEMPERATURE (°C), RAIN (mm), WIND SPEED (km/h) LONG: 012-22.82 E T Max Day T Min Day tot.rain wind max Day 25,4 26 4,8 18 77,7 26,6 04 191 1,5 13,4 154,2 0,0 --------------------------------------------------------------------------------------- AVG HEAT COOL WIND DOM MEAN DEG DEG DAY T MAX TIME T MIN TIME RAIN HIGH TIME DIR SPED TEMP DAYS DAYS --------------------------------------------------------------------------------------- 01 16,6 12:45 8,7 00:00 0,0 14,0 13:40 208 1,6 12,0 6,3 0,0 02 15,6 15:05 8,1 05:55 2,6 14,4 15:25 53 1,2 10,9 7,4 0,0 03 18,9 15:05 7,5 06:45 0,0 12,2 15:35 54 1,6 12,3 6,1 0,0 04 20,8 13:50 5,8 06:40 0,0 26,6 17:10 219 3,5 13,6 4,7 0,0 05 23,5 15:35 8,4 06:50 0,0 24,5 18:45 215 3,7 16,1 2,3 0,0 06 23,6 14:05 10,5 23:50 2,1 19,8 14:25 203 1,3 14,8 3,6 0,0 07 22,8 12:30 8,1 04:40 0,5 24,8 14:50 211 1,6 13,7 4,6 0,0 08 14,5 16:00 10,8 23:50 6,2 6,5 16:10 192 0,3 12,4 6,0 0,0 09 18,0 13:10 8,9 05:55 3,6 19,1 13:35 213 1,4 12,0 6,3 0,0 10 10,9 10:40 7,6 00:00 14,0 0,0 00:05 N/A 0,0 9,7 8,7 0,0 11 9,7 17:15 6,5 07:00 18,1 8,3 17:45 42 0,8 7,9 10,4 0,0 12 14,8 16:40 5,9 04:50 5,7 13,0 16:50 193 0,9 9,4 8,9 0,0 13 15,1 14:10 7,4 23:55 4,1 11,9 12:05 195 0,9 9,8 8,5 0,0 14 12,1 13:00 5,8 04:45 2,6 6,5 14:20 167 0,3 8,2 10,1 0,0 15 20,1 17:00 6,2 01:00 0,5 14,8 12:50 244 0,8 12,2 6,2 0,0 16 13,0 09:55 7,9 02:10 2,6 17,3 05:40 42 2,0 10,3 8,1 0,0 17 18,8 14:10 8,1 05:15 0,0 15,5 12:25 44 3,4 13,3 5,1 0,0 18 20,3 12:45 4,8 06:10 0,0 18,7 15:00 185 1,8 12,9 5,5 0,0 19 17,8 09:55 10,7 05:15 0,0 17,6 15:40 54 2,5 13,8 4,6 0,0 20 16,8 11:55 9,8 05:20 0,0 11,2 12:00 198 0,6 12,5 5,8 0,0 21 23,0 16:20 10,3 04:55 0,0 19,8 18:00 70 1,4 15,3 3,0 0,0 22 24,9 16:20 8,6 05:40 0,0 14,8 18:05 210 1,5 16,9 1,5 0,0 23 24,5 12:05 10,6 06:15 0,0 18,0 12:25 201 1,3 16,2 2,2 0,0 24 18,7 15:40 11,6 21:35 3,1 10,8 19:30 119 0,5 14,0 4,4 0,0 25 24,8 15:25 10,9 06:30 4,7 13,0 17:15 195 1,7 16,6 1,7 0,0 26 25,4 13:30 11,4 05:30 0,0 20,2 12:50 205 2,1 17,6 0,7 0,0 27 23,5 14:05 11,8 06:10 0,0 17,3 12:45 209 2,6 17,0 1,4 0,0 28 24,0 13:20 12,5 07:45 0,0 15,8 16:45 189 1,1 15,9 2,4 0,0 29 23,2 12:05 10,8 05:35 1,6 20,2 16:00 190 1,4 15,4 2,9 0,0 30 23,3 11:35 10,4 06:05 5,7 22,7 16:20 215 1,9 15,5 2,8 0,0 31 --------------------------------------------------------------------------------------- T Max Day T Min Day tot.rain wind max Day 25,4 26 4,8 18 77,7 26,6 04 191 1,5 13,4 154,2 0,0 Updated: 29/12/2023 09:00:00