MONTHLY CLIMATOLOGICAL SUMMARY for giu 2023 / DATI METEOROLOGICI MESE giu 2023 NAME: Calalzo di Cadore, IT ITALY ELEV: 800 meter LAT: 46-26.80 N TEMPERATURE (°C), RAIN (mm), WIND SPEED (km/h) LONG: 012-22.82 E T Max Day T Min Day tot.rain wind max Day 30,5 22 9,3 09 37,8 25,9 30 199 1,8 18,1 32,8 24,6 --------------------------------------------------------------------------------------- AVG HEAT COOL WIND DOM MEAN DEG DEG DAY T MAX TIME T MIN TIME RAIN HIGH TIME DIR SPED TEMP DAYS DAYS --------------------------------------------------------------------------------------- 01 02 03 04 05 06 19,5 13:45 12,0 04:45 1,0 2,9 21:25 168 0,2 14,4 3,9 0,0 07 23,3 13:30 12,1 03:35 0,0 21,2 14:40 197 1,7 16,7 1,6 0,0 08 24,2 14:40 11,4 05:45 9,8 18,4 14:45 193 1,6 16,2 2,1 0,0 09 25,1 14:50 9,3 05:45 1,0 14,8 12:10 201 1,9 16,2 2,2 0,0 10 23,8 11:50 12,4 05:40 2,1 11,9 12:40 198 1,4 17,6 0,8 0,0 11 25,1 15:05 13,0 06:25 0,5 11,9 18:25 166 1,1 17,1 1,3 0,0 12 24,7 13:30 13,5 05:40 5,7 18,4 14:55 200 2,0 17,9 0,5 0,0 13 22,6 15:00 13,5 07:00 1,0 22,0 16:35 203 2,5 16,7 1,6 0,0 14 23,2 16:35 12,6 04:40 1,6 15,5 14:00 190 1,5 16,4 2,0 0,0 15 23,4 12:20 11,8 05:55 1,6 16,6 12:30 202 1,8 16,6 1,7 0,0 16 24,9 15:35 10,3 05:45 0,5 12,2 12:25 195 1,1 16,8 1,6 0,0 17 26,7 13:25 9,3 05:55 0,0 16,9 14:55 211 2,3 18,0 0,3 0,0 18 25,9 14:25 11,4 05:35 0,0 19,1 12:15 203 2,6 19,0 0,0 0,7 19 27,2 15:00 15,4 04:35 0,0 21,6 15:25 185 1,9 20,6 0,0 2,3 20 28,1 14:35 15,3 04:50 0,0 20,5 18:50 209 2,6 21,6 0,0 3,3 21 29,8 15:35 17,1 05:55 0,0 25,2 17:20 216 2,6 23,4 0,0 5,1 22 30,5 14:55 17,9 05:30 0,0 20,9 16:05 210 2,9 24,1 0,0 5,8 23 28,8 10:45 13,1 00:00 0,0 14,8 11:05 347 1,2 18,8 0,0 0,5 24 28,7 15:45 10,9 05:10 0,0 20,5 13:15 81 1,7 18,7 0,0 0,4 25 27,1 15:05 11,5 06:00 0,0 15,5 16:15 207 2,6 19,9 0,0 1,6 26 28,5 14:50 14,1 06:05 0,0 21,2 16:05 213 3,0 21,8 0,0 3,5 27 27,5 11:55 15,1 00:00 5,7 12,6 11:55 203 0,9 19,2 0,0 0,9 28 21,9 16:25 13,3 04:40 0,0 16,9 14:05 214 1,3 17,3 1,1 0,0 29 24,9 13:55 12,4 05:45 0,0 17,3 17:00 206 2,6 18,9 0,0 0,6 30 24,6 14:40 15,1 00:00 0,5 25,9 15:30 203 2,1 18,5 0,0 0,2 --------------------------------------------------------------------------------------- T Max Day T Min Day tot.rain wind max Day 30,5 22 9,3 09 37,8 25,9 30 199 1,8 18,1 32,8 24,6 Updated: 29/12/2023 09:00:00