MONTHLY CLIMATOLOGICAL SUMMARY for ago 2023 / DATI METEOROLOGICI MESE ago 2023 NAME: Calalzo di Cadore, IT ITALY ELEV: 800 meter LAT: 46-26.80 N TEMPERATURE (°C), RAIN (mm), WIND SPEED (km/h) LONG: 012-22.82 E T Max Day T Min Day tot.rain wind max Day 32,6 23 6,6 08 87,0 34,2 28 211 1,3 19,4 32,6 65,1 --------------------------------------------------------------------------------------- AVG HEAT COOL WIND DOM MEAN DEG DEG DAY T MAX TIME T MIN TIME RAIN HIGH TIME DIR SPED TEMP DAYS DAYS --------------------------------------------------------------------------------------- 01 21,6 13:10 14,5 23:55 4,1 15,8 13:35 188 1,0 17,6 0,7 0,0 02 22,4 15:55 13,1 05:20 0,0 5,8 14:30 131 0,2 16,8 1,5 0,0 03 26,8 13:35 16,9 04:10 0,0 18,0 17:45 197 2,3 20,8 0,0 2,5 04 25,4 11:55 14,4 23:55 5,2 13,7 12:45 95 1,0 17,2 1,1 0,0 05 15,8 16:20 12,1 06:30 1,0 11,2 02:15 23 0,5 13,9 4,4 0,0 06 24,3 13:30 11,4 00:00 0,0 15,5 15:55 242 0,9 16,2 2,1 0,0 07 22,6 15:10 7,4 06:05 0,0 14,8 14:00 209 1,1 14,9 3,5 0,0 08 22,3 14:05 6,6 06:25 0,0 24,8 16:55 223 1,7 14,6 3,7 0,0 09 22,1 15:50 12,3 06:35 0,0 5,8 12:05 184 0,0 16,5 1,8 0,0 10 24,1 12:55 13,2 04:40 0,0 18,7 14:35 201 1,5 18,1 0,2 0,0 11 27,1 15:20 13,3 07:00 0,0 18,0 16:45 204 1,8 20,0 0,0 1,7 12 27,8 14:50 13,8 07:00 0,0 17,3 16:40 203 1,7 20,7 0,0 2,3 13 30,3 13:45 15,3 05:50 1,6 23,0 16:40 212 2,1 21,9 0,0 3,6 14 29,9 15:15 14,8 06:25 0,0 23,0 13:50 218 2,2 22,1 0,0 3,8 15 29,2 15:10 15,8 07:00 6,2 17,6 14:10 216 2,5 21,9 0,0 3,6 16 28,8 14:35 14,4 06:25 0,0 18,0 16:55 201 1,4 21,0 0,0 2,7 17 29,5 15:00 15,4 06:35 6,7 18,0 14:35 219 1,2 19,9 0,0 1,5 18 28,6 14:25 15,4 03:10 0,0 10,8 16:45 251 0,4 20,6 0,0 2,3 19 30,1 14:45 14,8 07:05 0,0 17,3 17:55 221 1,2 22,1 0,0 3,8 20 30,9 13:55 15,3 06:15 0,0 13,3 15:25 218 1,4 22,8 0,0 4,5 21 32,3 14:30 16,1 06:40 0,0 13,0 15:45 209 1,5 23,7 0,0 5,3 22 32,5 15:10 17,4 06:35 0,0 18,4 16:45 220 1,9 24,4 0,0 6,1 23 32,6 13:45 17,6 23:55 9,3 15,5 13:45 207 1,6 23,4 0,0 5,1 24 31,5 15:00 16,3 05:45 4,1 19,8 16:15 232 1,3 21,6 0,0 3,3 25 31,4 14:00 15,0 06:55 0,0 22,0 16:00 220 1,7 22,2 0,0 3,9 26 30,9 14:20 17,9 05:50 0,0 23,0 16:30 217 2,3 23,7 0,0 5,4 27 28,2 14:25 18,6 06:45 0,0 28,4 12:55 219 1,2 22,1 0,0 3,8 28 19,9 00:05 14,9 23:55 42,5 34,2 09:25 38 1,0 16,7 1,6 0,0 29 17,6 14:15 11,9 06:40 5,2 15,1 17:55 55 0,7 14,5 3,9 0,0 30 17,3 13:40 11,5 06:00 1,0 1,1 01:40 338 0,0 13,5 4,8 0,0 31 21,7 12:45 10,4 05:20 0,0 13,7 15:20 206 1,0 15,1 3,2 0,0 --------------------------------------------------------------------------------------- T Max Day T Min Day tot.rain wind max Day 32,6 23 6,6 08 87,0 34,2 28 211 1,3 19,4 32,6 65,1 Updated: 29/12/2023 09:00:00