MONTHLY CLIMATOLOGICAL SUMMARY for set 2023 / DATI METEOROLOGICI MESE set 2023 NAME: Calalzo di Cadore, IT ITALY ELEV: 800 meter LAT: 46-26.80 N TEMPERATURE (°C), RAIN (mm), WIND SPEED (km/h) LONG: 012-22.82 E T Max Day T Min Day tot.rain wind max Day 28,5 03 6,2 24 52,3 24,5 04 214 1,0 17,0 45,1 4,8 --------------------------------------------------------------------------------------- AVG HEAT COOL WIND DOM MEAN DEG DEG DAY T MAX TIME T MIN TIME RAIN HIGH TIME DIR SPED TEMP DAYS DAYS --------------------------------------------------------------------------------------- 01 24,3 13:05 13,6 07:10 0,0 22,0 16:50 210 1,3 17,9 0,4 0,0 02 25,4 15:45 13,9 07:10 0,0 16,6 17:15 210 1,3 18,9 0,0 0,6 03 28,5 13:55 13,6 07:00 0,0 20,5 16:30 223 0,1 19,4 0,0 1,0 04 25,7 15:00 12,5 06:50 0,0 24,5 17:30 229 1,2 18,8 0,0 0,4 05 26,1 15:15 13,6 23:55 0,0 13,3 16:45 186 1,3 19,0 0,0 0,7 06 26,3 14:35 10,1 06:40 0,0 10,1 14:45 212 1,1 17,2 1,1 0,0 07 25,9 15:15 10,6 07:55 0,0 14,4 14:55 207 1,3 17,6 0,8 0,0 08 26,2 15:45 10,9 07:20 0,0 13,3 15:15 214 1,1 17,9 0,4 0,0 09 26,4 15:25 11,6 07:20 0,0 13,7 14:35 218 1,5 18,4 0,0 0,1 10 27,0 15:10 12,8 06:15 0,0 15,1 15:35 213 1,4 19,1 0,0 0,7 11 27,6 13:40 12,3 07:05 0,0 13,7 14:30 214 1,2 19,1 0,0 0,8 12 26,3 14:20 12,5 07:05 0,0 15,1 14:55 217 1,5 18,8 0,0 0,5 13 21,4 16:10 15,0 04:10 4,1 4,7 13:40 312 0,3 17,3 1,0 0,0 14 23,8 14:45 14,6 06:20 1,0 6,5 15:00 125 0,3 17,1 1,2 0,0 15 23,6 14:30 14,5 07:15 1,0 21,6 16:30 223 1,6 17,6 0,7 0,0 16 24,7 14:00 13,8 06:15 0,0 13,7 14:25 206 1,2 18,0 0,4 0,0 17 23,8 14:50 14,5 07:05 0,0 16,6 16:00 220 1,1 18,3 0,1 0,0 18 20,8 12:55 15,1 06:25 7,3 4,3 13:25 137 0,2 17,4 1,0 0,0 19 24,3 13:55 13,6 06:55 0,0 13,7 16:45 192 0,8 18,0 0,3 0,0 20 23,4 14:30 10,9 06:30 1,0 13,3 23:00 210 0,7 16,5 1,9 0,0 21 20,2 12:20 12,8 05:55 0,0 15,8 13:25 196 1,1 16,0 2,4 0,0 22 16,1 16:20 14,1 23:30 22,8 9,0 15:35 162 0,2 15,1 3,2 0,0 23 22,1 14:05 9,4 00:00 13,5 16,6 15:05 201 1,4 14,7 3,6 0,0 24 20,8 15:20 6,2 08:05 0,0 18,0 14:40 54 1,5 12,6 5,7 0,0 25 24,4 14:45 6,9 06:35 0,0 4,3 15:20 322 0,5 13,7 4,6 0,0 26 24,1 15:10 8,8 07:25 1,6 12,2 14:35 234 0,7 14,9 3,5 0,0 27 25,2 14:50 8,8 07:20 0,0 11,5 16:05 336 0,2 15,0 3,3 0,0 28 23,5 14:55 8,1 06:30 0,0 14,4 14:00 232 0,6 14,5 3,9 0,0 29 23,1 15:00 8,9 07:05 0,0 18,0 16:25 220 0,9 15,0 3,4 0,0 30 24,6 14:25 10,8 05:15 0,0 17,6 16:05 222 0,9 16,1 2,2 0,0 --------------------------------------------------------------------------------------- T Max Day T Min Day tot.rain wind max Day 28,5 03 6,2 24 52,3 24,5 04 214 1,0 17,0 45,1 4,8 Updated: 29/12/2023 09:00:00