MONTHLY CLIMATOLOGICAL SUMMARY for nov 2023 / DATI METEOROLOGICI MESE nov 2023 NAME: Calalzo di Cadore, IT ITALY ELEV: 800 meter LAT: 46-26.80 N TEMPERATURE (°C), RAIN (mm), WIND SPEED (km/h) LONG: 012-22.82 E T Max Day T Min Day tot.rain wind max Day 14,7 15 -3,6 27 69,4 23,0 25 338 0,6 3,6 443,3 0,0 --------------------------------------------------------------------------------------- AVG HEAT COOL WIND DOM MEAN DEG DEG DAY T MAX TIME T MIN TIME RAIN HIGH TIME DIR SPED TEMP DAYS DAYS --------------------------------------------------------------------------------------- 01 11,3 13:15 2,4 06:45 0,0 6,1 02:50 53 0,3 6,5 11,9 0,0 02 9,8 23:20 5,0 02:25 35,2 6,1 23:40 338 0,1 7,2 11,1 0,0 03 9,7 00:05 1,3 23:15 8,3 13,3 09:10 242 0,4 6,3 12,0 0,0 04 9,3 13:00 1,1 08:10 6,2 5,4 10:05 128 0,3 4,4 14,0 0,0 05 9,9 13:50 0,4 03:40 8,3 6,1 07:30 312 0,3 3,9 14,5 0,0 06 11,4 13:10 3,4 00:10 0,0 6,5 09:00 41 0,4 6,2 12,1 0,0 07 9,4 10:25 4,2 00:00 4,1 4,0 19:30 358 0,2 6,1 12,2 0,0 08 10,8 13:00 0,1 23:50 0,0 5,4 15:25 348 0,3 4,3 14,1 0,0 09 9,0 12:50 -1,5 06:45 0,5 3,2 13:55 236 0,1 3,4 14,9 0,0 10 10,1 13:30 2,9 06:00 5,2 16,9 22:55 230 0,4 5,1 13,2 0,0 11 9,4 13:10 -0,7 22:35 0,5 6,1 01:10 347 0,5 2,7 15,6 0,0 12 6,4 13:25 -1,9 05:20 0,0 4,0 00:10 312 0,2 1,1 17,2 0,0 13 9,5 13:15 -1,6 05:50 0,0 7,6 14:40 221 0,3 2,6 15,7 0,0 14 12,1 13:50 -0,4 06:55 1,0 13,0 14:50 232 0,6 4,4 14,0 0,0 15 14,7 13:45 1,6 23:25 0,0 8,3 15:15 330 0,5 6,3 12,0 0,0 16 8,8 13:05 -0,7 07:35 0,0 3,6 01:50 325 0,1 3,0 15,4 0,0 17 13,6 12:05 -1,0 04:15 0,0 10,1 12:25 346 0,8 4,1 14,2 0,0 18 10,5 13:05 -0,8 08:00 0,0 4,3 02:50 317 0,2 3,2 15,2 0,0 19 10,9 13:00 -0,7 04:05 0,0 4,0 10:40 338 0,2 3,0 15,3 0,0 20 9,2 14:20 -0,6 03:05 0,0 6,5 15:05 224 0,2 3,5 14,8 0,0 21 10,6 13:30 1,6 00:00 0,0 3,6 14:05 9 0,1 4,6 13,7 0,0 22 12,9 12:55 0,9 23:55 0,0 19,4 12:05 38 2,4 5,6 12,7 0,0 23 10,6 12:45 -1,2 06:25 0,0 3,6 10:30 332 0,1 2,6 15,7 0,0 24 9,2 13:40 -1,9 05:10 0,0 16,9 12:20 343 1,6 2,9 15,5 0,0 25 4,6 11:15 -1,5 22:55 0,0 23,0 10:10 13 2,1 1,7 16,6 0,0 26 8,4 11:10 -2,5 00:00 0,0 20,9 10:15 335 1,6 1,5 16,8 0,0 27 3,5 12:25 -3,6 06:50 0,0 4,0 00:55 198 0,1 -0,2 18,5 0,0 28 7,6 13:45 -2,1 07:40 0,0 8,3 14:40 302 0,6 1,4 16,9 0,0 29 5,1 13:35 -3,4 07:10 0,0 23,0 14:05 226 1,7 0,0 18,3 0,0 30 1,0 14:45 -2,4 07:10 0,0 0,0 00:05 N/A 0,0 -0,6 18,9 0,0 --------------------------------------------------------------------------------------- T Max Day T Min Day tot.rain wind max Day 14,7 15 -3,6 27 69,4 23,0 25 338 0,6 3,6 443,3 0,0 Updated: 29/12/2023 09:00:00